{"id":7699,"date":"2025-06-23T15:53:13","date_gmt":"2025-06-23T12:53:13","guid":{"rendered":"https:\/\/kocaelisaglik.edu.tr\/sosyal-ve-beseri\/?page_id=7699"},"modified":"2026-03-16T16:03:54","modified_gmt":"2026-03-16T13:03:54","slug":"uluslararasi-ticaret-ve-finansman","status":"publish","type":"page","link":"https:\/\/kocaelisaglik.edu.tr\/sosyal-ve-beseri\/uluslararasi-ticaret-ve-finansman\/","title":{"rendered":"Uluslararas\u0131 Ticaret ve Finansman"},"content":{"rendered":"<div class=\"wpb-content-wrapper\"><p>[vc_row][vc_column][vc_tta_tabs][vc_tta_section title=&#8221;B\u00f6l\u00fcm Hakk\u0131nda&#8221; tab_id=&#8221;1753450784294-c4ee5b6c-6bbf&#8221;][vc_column_text]<strong>B\u00f6l\u00fcm Ad\u0131<\/strong>:\u00a0 Uluslararas\u0131 Ticaret ve Finansman<\/p>\n<p><strong>B\u00f6l\u00fcm D\u00fczeyi<\/strong>: Lisans<\/p>\n<p><strong>E\u011fitim Dili<\/strong>:\u00a0T\u00fcrk\u00e7e<\/p>\n<p><strong>B\u00f6l\u00fcm Kazan\u0131mlar\u0131<\/strong>:<\/p>\n<ul>\n<li>Disiplinindeki temel kavramlar\u0131 ve kuramlar\u0131 bilir<\/li>\n<li>Disiplinindeki sorunlar\u0131 analiz edip bu sorunlara \u00e7\u00f6z\u00fcm \u00f6nerileri sunacak analitik d\u00fc\u015f\u00fcnme becerilerine sahiptir.<\/li>\n<li>Giri\u015fimci ki\u015filik \u00f6zelliklerini tan\u0131r ve giri\u015fimci ki\u015filik \u00f6zelliklerini geli\u015ftirme f\u0131rsatlar\u0131n\u0131 izler.<\/li>\n<li>Giri\u015fimci ve i\u00e7 giri\u015fimci davran\u0131\u015flar\u0131 tan\u0131r, bu davran\u0131\u015flar\u0131 i\u015f f\u0131rsatlar\u0131n\u0131 de\u011ferlendirmede ve g\u00f6rev yapt\u0131\u011f\u0131 kurumlarda yenili\u011fi te\u015fvik etmede sergileyebilir<\/li>\n<li>Bilgi teknolojisinin kavramsal bilgisine ve pratik uygulamalar\u0131na h\u00e2kimdir<\/li>\n<li>Alan\u0131na y\u00f6nelik bilgi teknolojilerini kullanabilir<\/li>\n<li>Meslek ya\u015fam\u0131nda insanlar\u0131n ve ekonomilerin geli\u015fimini ve \u00e7evrenin iyile\u015ftirilmesini sa\u011flayan faaliyetleri tasarlayabilir<\/li>\n<li>\u0130\u015f ya\u015fam\u0131nda etik sorunlar\u0131n ve bu sorunlar\u0131n toplumsal ve kurumsal etkilerinin fark\u0131nda olur<\/li>\n<li>Sorun \u00e7\u00f6zme s\u00fcre\u00e7lerinde etik sorumluluklar\u0131n\u0131 bilir ve bu s\u00fcre\u00e7lerde etik ilkelere riayet eder.<\/li>\n<\/ul>\n<p>&nbsp;<\/p>\n<p><strong>\u00c7al\u0131\u015fma Alanlar\u0131<\/strong>:<\/p>\n<p>Bankalar\u0131n yat\u0131r\u0131m, kredi ve d\u0131\u015f ticaret finansman\u0131 b\u00f6l\u00fcmlerinde, sigorta \u015firketlerinde, arac\u0131 kurumlarda ve yat\u0131r\u0131m dan\u0131\u015fmanl\u0131\u011f\u0131 \u015firketlerinde, Uluslararas\u0131 \u015firketlerin finans, pazarlama ve lojistik departmanlar\u0131 ,Uluslararas\u0131 \u015firketlerin finans, pazarlama ve lojistik departmanlar\u0131 , Lojistik \u015firketleri ve finansal dan\u0131\u015fmanl\u0131k firmalar\u0131, Piyasan\u0131n talebi, uluslararas\u0131 pazarlarda rekabet edebilen, finansal analiz ve risk y\u00f6netimi alanlar\u0131, D\u00f6viz i\u015flemlerine hakim olmak ve uluslararas\u0131 mevzuat\u0131 bilmek de mezunlar\u0131n istihdam \u015fans\u0131n\u0131 art\u0131ran \u00f6nemli fakt\u00f6rlerdir.[\/vc_column_text][\/vc_tta_section][vc_tta_section title=&#8221;Haftal\u0131k Ders Program\u0131&#8221; tab_id=&#8221;1753450784299-ac0e94eb-9b1f&#8221;][vc_column_text]<\/p>\n<table class=\"item\" style=\"table-layout: fixed; width: 100%; border: 2px solid black; border-collapse: collapse;\">\n<tbody>\n<tr>\n<td style=\"border: 1px solid black; text-align: center;\" colspan=\"12\"><strong><span style=\"font-size: small;\">2025 \/ 2026 G\u00dcZ YARIYILI 1.SINIF<\/span><\/strong><\/td>\n<\/tr>\n<tr>\n<td style=\"border: 1px solid black;\"><span style=\"font-size: small;\"><span style=\"color: white;\">Pazartesi<\/span><\/span><\/td>\n<td style=\"border: 1px solid black; text-align: center;\"><strong><span style=\"font-size: small;\">09.00 &#8211; 10.00<\/span><\/strong><\/td>\n<td style=\"border: 1px solid black; text-align: center;\"><strong><span style=\"font-size: small;\">10.00 &#8211; 11.00<\/span><\/strong><\/td>\n<td style=\"border: 1px solid black; text-align: center;\"><strong><span style=\"font-size: small;\">11.00 &#8211; 12.00<\/span><\/strong><\/td>\n<td style=\"border: 1px solid black; text-align: center;\"><strong><span style=\"font-size: small;\">12.00 &#8211; 13.00<\/span><\/strong><\/td>\n<td style=\"border: 1px solid black; text-align: center;\"><strong><span style=\"font-size: small;\">13.00 &#8211; 14.00<\/span><\/strong><\/td>\n<td style=\"border: 1px solid black; text-align: center;\"><strong><span style=\"font-size: small;\">14.00 &#8211; 15.00<\/span><\/strong><\/td>\n<td style=\"border: 1px solid black; text-align: center;\"><strong><span style=\"font-size: small;\">15.00 &#8211; 16.00<\/span><\/strong><\/td>\n<td style=\"border: 1px solid black; text-align: center;\"><strong><span style=\"font-size: small;\">16.00 &#8211; 17.00<\/span><\/strong><\/td>\n<td style=\"border: 1px solid black; text-align: center;\"><strong><span style=\"font-size: small;\">17.00 &#8211; 18.00<\/span><\/strong><\/td>\n<td style=\"border: 1px solid black; text-align: center;\"><strong><span style=\"font-size: small;\">20.00 &#8211; 21.00<\/span><\/strong><\/td>\n<td style=\"border: 1px solid black; text-align: center;\"><strong><span style=\"font-size: small;\">21.00 &#8211; 22.00<\/span><\/strong><\/td>\n<\/tr>\n<\/tbody>\n<tbody>\n<tr>\n<td style=\"border: 1px solid black;\"><strong><span style=\"font-size: small;\">Pazartesi<\/span><\/strong><\/td>\n<td style=\"border: 1px solid black; text-align: center;\"><\/td>\n<td style=\"border: 1px solid black; text-align: center;\"><\/td>\n<td style=\"border: 1px solid black; text-align: center;\"><\/td>\n<td style=\"border: 1px solid black; text-align: center;\"><\/td>\n<td style=\"border: 1px solid black; text-align: center;\" colspan=\"2\"><\/td>\n<td style=\"border: 1px solid black; text-align: center;\" colspan=\"3\"><\/td>\n<td style=\"border: 1px solid black; text-align: center;\"><\/td>\n<td style=\"border: 1px solid black; text-align: center;\"><\/td>\n<\/tr>\n<\/tbody>\n<tbody>\n<tr>\n<td style=\"border: 1px solid black;\"><span style=\"font-size: small;\"><strong>Sal\u0131<\/strong><\/span><\/td>\n<td style=\"border: 1px solid black; text-align: center;\"><\/td>\n<td style=\"border: 1px solid black; text-align: center;\"><\/td>\n<td style=\"border: 1px solid black; text-align: center;\"><\/td>\n<td style=\"border: 1px solid black; text-align: center;\"><\/td>\n<td style=\"border: 1px solid black; text-align: center;\" colspan=\"2\"><span style=\"font-size: small;\">Introduction to Business<br \/>\nDr. \u00d6\u011fr. \u00dcyesi<br \/>\nEkrem BULUT<br \/>\nDHF Toplant\u0131 Salonu<\/span><\/td>\n<td style=\"border: 1px solid black; text-align: center;\" colspan=\"3\"><span style=\"font-size: small;\">Genel Muhasebe II<br \/>\nDo\u00e7. Dr.<br \/>\nMurat AT\u0130K<br \/>\nK002<\/span><\/td>\n<td style=\"border: 1px solid black; text-align: center;\"><\/td>\n<td style=\"border: 1px solid black; text-align: center;\"><\/td>\n<\/tr>\n<\/tbody>\n<tbody>\n<tr>\n<td style=\"border: 1px solid black;\"><strong><span style=\"font-size: small;\">\u00c7ar\u015famba<\/span><\/strong><\/td>\n<td style=\"border: 1px solid black; text-align: center;\" colspan=\"3\"><span style=\"font-size: small;\">\u0130\u015fletme Matemati\u011fi<br \/>\nDo\u00e7. Dr.<br \/>\nMurat AT\u0130K<br \/>\nS201<\/span><\/td>\n<td style=\"border: 1px solid black; text-align: center;\"><\/td>\n<td style=\"border: 1px solid black; text-align: center;\"><\/td>\n<td style=\"border: 1px solid black; text-align: center;\"><\/td>\n<td style=\"border: 1px solid black; text-align: center;\"><\/td>\n<td style=\"border: 1px solid black; text-align: center;\"><\/td>\n<td style=\"border: 1px solid black; text-align: center;\"><\/td>\n<td style=\"border: 1px solid black; text-align: center;\" colspan=\"2\"><span style=\"font-size: small;\">Hukuka Giri\u015f<br \/>\nProf. Dr.<br \/>\nFuat BAYRAM<br \/>\nOnline<\/span><\/td>\n<\/tr>\n<\/tbody>\n<tbody>\n<tr>\n<td style=\"border: 1px solid black;\"><span style=\"font-size: small;\"><strong>Per\u015fembe<\/strong><\/span><\/td>\n<td style=\"border: 1px solid black; text-align: center;\" colspan=\"2\"><span style=\"font-size: small;\">Principles of<br \/>\nMicroeconomics<br \/>\nDr. \u00d6\u011fr. \u00dcyesi<br \/>\nEkrem BULUT<br \/>\nK001<\/span><\/td>\n<td style=\"border: 1px solid black; text-align: center;\"><\/td>\n<td style=\"border: 1px solid black; text-align: center;\"><\/td>\n<td style=\"border: 1px solid black; text-align: center;\" colspan=\"2\"><span style=\"font-size: small;\">Temel Bilgi Teknolojisi Kullan\u0131m\u0131<br \/>\nDr. \u00d6\u011fr. \u00dcyesi<br \/>\nAhmet \u015eEN<br \/>\nD403<\/span><\/td>\n<td style=\"border: 1px solid black; text-align: center;\"><\/td>\n<td style=\"border: 1px solid black; text-align: center;\"><\/td>\n<td style=\"border: 1px solid black; text-align: center;\"><\/td>\n<td style=\"border: 1px solid black; text-align: center;\"><\/td>\n<td style=\"border: 1px solid black; text-align: center;\"><\/td>\n<\/tr>\n<\/tbody>\n<tbody>\n<tr>\n<td style=\"border: 1px solid black;\"><strong><span style=\"font-size: small;\">Cuma<\/span><\/strong><\/td>\n<td style=\"border: 1px solid black; text-align: center;\"><\/td>\n<td style=\"border: 1px solid black; text-align: center;\" colspan=\"2\"><\/td>\n<td style=\"border: 1px solid black;\"><\/td>\n<td style=\"border: 1px solid black;\"><\/td>\n<td style=\"border: 1px solid black; text-align: center;\" colspan=\"2\"><\/td>\n<td style=\"border: 1px solid black; text-align: center;\"><\/td>\n<td style=\"border: 1px solid black; text-align: center;\"><\/td>\n<td style=\"border: 1px solid black; text-align: center;\"><\/td>\n<td style=\"border: 1px solid black; text-align: center;\"><\/td>\n<\/tr>\n<\/tbody>\n<\/table>\n<p>[\/vc_column_text][\/vc_tta_section][vc_tta_section title=&#8221;Ders Plan\u0131&#8221; tab_id=&#8221;1753451067687-69bd691a-dfb4&#8243;][vc_column_text]\n<!-- iframe plugin v.4.9 wordpress.org\/plugins\/iframe\/ -->\n<iframe loading=\"lazy\" src=\"https:\/\/ebs.kocaelisaglik.edu.tr\/Pages\/CoursePlan.aspx?lang=tr-TR&#038;academicYear=2025&#038;facultyId=7&#038;programId=3&#038;menuType=unit&#038;catalogId=2339\" width=\"1600\" height=\"900\" allow=\"fullscreen\" scrolling=\"yes\" class=\"iframe-class\" frameborder=\"0\"><\/iframe>\n[\/vc_column_text][\/vc_tta_section][\/vc_tta_tabs][\/vc_column][\/vc_row]<\/p>\n<\/div>","protected":false},"excerpt":{"rendered":"<p>[vc_row][vc_column][vc_tta_tabs][vc_tta_section title=&#8221;B\u00f6l\u00fcm Hakk\u0131nda&#8221; tab_id=&#8221;1753450784294-c4ee5b6c-6bbf&#8221;][vc_column_text]B\u00f6l\u00fcm Ad\u0131:\u00a0 Uluslararas\u0131 Ticaret ve Finansman B\u00f6l\u00fcm D\u00fczeyi: Lisans E\u011fitim Dili:\u00a0T\u00fcrk\u00e7e B\u00f6l\u00fcm Kazan\u0131mlar\u0131: Disiplinindeki temel kavramlar\u0131 ve kuramlar\u0131 bilir Disiplinindeki sorunlar\u0131 analiz edip bu sorunlara \u00e7\u00f6z\u00fcm \u00f6nerileri sunacak analitik d\u00fc\u015f\u00fcnme becerilerine sahiptir. Giri\u015fimci ki\u015filik \u00f6zelliklerini tan\u0131r ve &hellip; <\/p>\n","protected":false},"author":12,"featured_media":0,"parent":0,"menu_order":0,"comment_status":"closed","ping_status":"closed","template":"","meta":{"footnotes":""},"_links":{"self":[{"href":"https:\/\/kocaelisaglik.edu.tr\/sosyal-ve-beseri\/wp-json\/wp\/v2\/pages\/7699"}],"collection":[{"href":"https:\/\/kocaelisaglik.edu.tr\/sosyal-ve-beseri\/wp-json\/wp\/v2\/pages"}],"about":[{"href":"https:\/\/kocaelisaglik.edu.tr\/sosyal-ve-beseri\/wp-json\/wp\/v2\/types\/page"}],"author":[{"embeddable":true,"href":"https:\/\/kocaelisaglik.edu.tr\/sosyal-ve-beseri\/wp-json\/wp\/v2\/users\/12"}],"replies":[{"embeddable":true,"href":"https:\/\/kocaelisaglik.edu.tr\/sosyal-ve-beseri\/wp-json\/wp\/v2\/comments?post=7699"}],"version-history":[{"count":9,"href":"https:\/\/kocaelisaglik.edu.tr\/sosyal-ve-beseri\/wp-json\/wp\/v2\/pages\/7699\/revisions"}],"predecessor-version":[{"id":7964,"href":"https:\/\/kocaelisaglik.edu.tr\/sosyal-ve-beseri\/wp-json\/wp\/v2\/pages\/7699\/revisions\/7964"}],"wp:attachment":[{"href":"https:\/\/kocaelisaglik.edu.tr\/sosyal-ve-beseri\/wp-json\/wp\/v2\/media?parent=7699"}],"curies":[{"name":"wp","href":"https:\/\/api.w.org\/{rel}","templated":true}]}}