{"id":9495,"date":"2025-12-15T14:44:08","date_gmt":"2025-12-15T11:44:08","guid":{"rendered":"https:\/\/kocaelisaglik.edu.tr\/saglik\/?page_id=9495"},"modified":"2025-12-15T14:44:08","modified_gmt":"2025-12-15T11:44:08","slug":"danismanliklar-3","status":"publish","type":"page","link":"https:\/\/kocaelisaglik.edu.tr\/saglik\/danismanliklar-3\/","title":{"rendered":"Dan\u0131\u015fmanl\u0131klar"},"content":{"rendered":"<div class=\"wpb-content-wrapper\"><p>[vc_row][vc_column width=&#8221;1\/3&#8243;][vc_single_image image=&#8221;9117&#8243; alignment=&#8221;center&#8221; style=&#8221;vc_box_outline&#8221;][vc_column_text]<\/p>\n<h4 style=\"text-align: center;\"><a href=\"https:\/\/kocaelisaglik.edu.tr\/saglik\/bilge-nur-yildirim-bayraktar\/\"><strong>Dr. \u00d6\u011fr. \u00dcyesi<\/strong><\/a><\/h4>\n<h4 style=\"text-align: center;\"><a href=\"https:\/\/kocaelisaglik.edu.tr\/saglik\/bilge-nur-yildirim-bayraktar\/\"><strong>Bilge Nur YILDIRIM BAYRAKTAR<\/strong><\/a><\/h4>\n<p style=\"text-align: center;\">1.S\u0131n\u0131f Dan\u0131\u015fman Hocas\u0131<\/p>\n<p style=\"text-align: center;\">Cuma : 14.00 &#8211; 15.00<\/p>\n<p>&nbsp;<\/p>\n<p style=\"text-align: center;\"><a href=\"mailto:bilgenur.yildirim@kocaelisaglik.edu.tr\"><strong>bilgenur.yildirim@kocaelisaglik.edu.tr<\/strong><\/a><\/p>\n<p>[\/vc_column_text][\/vc_column][vc_column width=&#8221;1\/3&#8243;][\/vc_column][vc_column width=&#8221;1\/3&#8243;][\/vc_column][\/vc_row]<\/p>\n<\/div>","protected":false},"excerpt":{"rendered":"<p>[vc_row][vc_column width=&#8221;1\/3&#8243;][vc_single_image image=&#8221;9117&#8243; alignment=&#8221;center&#8221; style=&#8221;vc_box_outline&#8221;][vc_column_text] Dr. \u00d6\u011fr. \u00dcyesi Bilge Nur YILDIRIM BAYRAKTAR 1.S\u0131n\u0131f Dan\u0131\u015fman Hocas\u0131 Cuma : 14.00 &#8211; 15.00 &nbsp; bilgenur.yildirim@kocaelisaglik.edu.tr [\/vc_column_text][\/vc_column][vc_column width=&#8221;1\/3&#8243;][\/vc_column][vc_column width=&#8221;1\/3&#8243;][\/vc_column][\/vc_row]<\/p>\n","protected":false},"author":12,"featured_media":0,"parent":0,"menu_order":0,"comment_status":"closed","ping_status":"closed","template":"","meta":{"footnotes":""},"_links":{"self":[{"href":"https:\/\/kocaelisaglik.edu.tr\/saglik\/wp-json\/wp\/v2\/pages\/9495"}],"collection":[{"href":"https:\/\/kocaelisaglik.edu.tr\/saglik\/wp-json\/wp\/v2\/pages"}],"about":[{"href":"https:\/\/kocaelisaglik.edu.tr\/saglik\/wp-json\/wp\/v2\/types\/page"}],"author":[{"embeddable":true,"href":"https:\/\/kocaelisaglik.edu.tr\/saglik\/wp-json\/wp\/v2\/users\/12"}],"replies":[{"embeddable":true,"href":"https:\/\/kocaelisaglik.edu.tr\/saglik\/wp-json\/wp\/v2\/comments?post=9495"}],"version-history":[{"count":1,"href":"https:\/\/kocaelisaglik.edu.tr\/saglik\/wp-json\/wp\/v2\/pages\/9495\/revisions"}],"predecessor-version":[{"id":9496,"href":"https:\/\/kocaelisaglik.edu.tr\/saglik\/wp-json\/wp\/v2\/pages\/9495\/revisions\/9496"}],"wp:attachment":[{"href":"https:\/\/kocaelisaglik.edu.tr\/saglik\/wp-json\/wp\/v2\/media?parent=9495"}],"curies":[{"name":"wp","href":"https:\/\/api.w.org\/{rel}","templated":true}]}}