{"id":9331,"date":"2025-11-20T11:47:44","date_gmt":"2025-11-20T08:47:44","guid":{"rendered":"https:\/\/kocaelisaglik.edu.tr\/saglik\/?page_id=9331"},"modified":"2026-04-21T14:03:25","modified_gmt":"2026-04-21T11:03:25","slug":"bolum-komisyonlari-2","status":"publish","type":"page","link":"https:\/\/kocaelisaglik.edu.tr\/saglik\/bolum-komisyonlari-2\/","title":{"rendered":"B\u00f6l\u00fcm Komisyonlar\u0131"},"content":{"rendered":"<div class=\"wpb-content-wrapper\"><p>[vc_row][vc_column][vc_toggle title=&#8221;Bilimsel Ara\u015ft\u0131rma Projeleri Komisyonu&#8221;]<\/p>\n<table style=\"height: 127px;\" width=\"517\">\n<tbody>\n<tr>\n<td width=\"78\">Ba\u015fkan<\/td>\n<td width=\"222\">Prof. Dr. Yurdanur D\u0130KMEN<\/td>\n<\/tr>\n<tr>\n<td width=\"78\">\u00dcye<\/td>\n<td width=\"222\">Dr. \u00d6\u011fr. \u00dcyesi Aysel \u0130NCEDERE<\/td>\n<\/tr>\n<tr>\n<td width=\"78\">\u00dcye<\/td>\n<td width=\"222\">Dr. \u00d6\u011fr. \u00dcyesi Azzet Y\u00dcKSEL<\/td>\n<\/tr>\n<tr>\n<td width=\"78\">\u00dcye<\/td>\n<td width=\"222\">\u00d6\u011frenci Hem\u015fire Zeynep Sena G\u00d6N\u00dcL<\/td>\n<\/tr>\n<\/tbody>\n<\/table>\n<p>[\/vc_toggle][vc_toggle title=&#8221;ERASMUS Komisyonu&#8221;]<\/p>\n<table style=\"height: 127px;\" width=\"517\">\n<tbody>\n<tr>\n<td width=\"78\">Ba\u015fkan<\/td>\n<td width=\"222\"><\/td>\n<\/tr>\n<tr>\n<td width=\"78\">\u00dcye<\/td>\n<td width=\"222\">Dr. \u00d6\u011fr. \u00dcyesi Ay\u015fe EM\u0130NOV<\/td>\n<\/tr>\n<tr>\n<td width=\"78\">\u00dcye<\/td>\n<td width=\"222\">Dr. \u00d6\u011fr. \u00dcyesi Azzet Y\u00dcKSEL<\/td>\n<\/tr>\n<tr>\n<td width=\"78\">\u00dcye<\/td>\n<td width=\"222\">\u00d6\u011frenci Hem\u015fire Hafsa G\u00dcLM\u00dc\u015e<\/td>\n<\/tr>\n<\/tbody>\n<\/table>\n<p>[\/vc_toggle][vc_toggle title=&#8221;E\u011fitim Komisyonu&#8221;]<\/p>\n<table style=\"height: 127px;\" width=\"517\">\n<tbody>\n<tr>\n<td width=\"78\">Ba\u015fkan<\/td>\n<td width=\"222\">Dr. \u00d6\u011fr. \u00dcyesi Ay\u015fe EM\u0130NOV<\/td>\n<\/tr>\n<tr>\n<td width=\"78\">\u00dcye<\/td>\n<td width=\"222\">Prof. Dr. Yurdanur D\u0130KMEN<\/td>\n<\/tr>\n<tr>\n<td width=\"78\">\u00dcye<\/td>\n<td width=\"222\">Do\u00e7. Dr. Suna UYSAL YAL\u00c7IN<\/td>\n<\/tr>\n<tr>\n<td width=\"78\">\u00dcye<\/td>\n<td width=\"222\">\u00d6\u011frenci Hem\u015fire Zeynep Sena G\u00d6N\u00dcL<\/td>\n<\/tr>\n<\/tbody>\n<\/table>\n<p>[\/vc_toggle][vc_toggle title=&#8221;Mesleki E\u011fitim Komisyonu&#8221;]<\/p>\n<table style=\"height: 127px;\" width=\"517\">\n<tbody>\n<tr>\n<td width=\"78\">Ba\u015fkan<\/td>\n<td width=\"222\">Dr. \u00d6\u011fr. \u00dcyesi Azzet Y\u00dcKSEL<\/td>\n<\/tr>\n<tr>\n<td width=\"78\">\u00dcye<\/td>\n<td width=\"222\">Dr. \u00d6\u011fr. \u00dcyesi Nida EFET\u00dcRK<\/td>\n<\/tr>\n<tr>\n<td width=\"78\">\u00dcye<\/td>\n<td width=\"222\">Dr. \u00d6\u011fr. \u00dcyesi Aysel \u0130NCEDERE<\/td>\n<\/tr>\n<tr>\n<td width=\"78\">\u00dcye<\/td>\n<td width=\"222\">\u00d6\u011frenci Hem\u015fire S\u0131la BAYRAM<\/td>\n<\/tr>\n<\/tbody>\n<\/table>\n<p>[\/vc_toggle][vc_toggle title=&#8221;\u00d6\u011frenci Topluluklar\u0131 Komisyonu&#8221;]<\/p>\n<table style=\"height: 127px;\" width=\"517\">\n<tbody>\n<tr>\n<td width=\"78\">Ba\u015fkan<\/td>\n<td width=\"222\">Dr. \u00d6\u011fr. \u00dcyesi Mehtap AKKO\u00c7<\/td>\n<\/tr>\n<tr>\n<td width=\"78\">\u00dcye<\/td>\n<td width=\"222\">Dr. \u00d6\u011fr. \u00dcyesi Azzet Y\u00dcKSEL<\/td>\n<\/tr>\n<tr>\n<td width=\"78\">\u00dcye<\/td>\n<td width=\"222\">\u00d6\u011frenci Hem\u015fire Hafsa G\u00dcLM\u00dc\u015e<\/td>\n<\/tr>\n<\/tbody>\n<\/table>\n<p>[\/vc_toggle][vc_toggle title=&#8221;Yurt D\u0131\u015f\u0131ndan \u00d6\u011frenci Kabul Komisyonu&#8221;]<\/p>\n<table style=\"height: 127px;\" width=\"517\">\n<tbody>\n<tr>\n<td width=\"78\">Ba\u015fkan<\/td>\n<td width=\"222\">Do\u00e7. Dr. Suna UYSAL YAL\u00c7IN<\/td>\n<\/tr>\n<tr>\n<td width=\"78\">\u00dcye<\/td>\n<td width=\"222\">Dr. \u00d6\u011fr. \u00dcyesi Nida EFET\u00dcRK<\/td>\n<\/tr>\n<tr>\n<td width=\"78\">\u00dcye<\/td>\n<td width=\"222\">\u00d6\u011frenci Hem\u015fire S\u0131la BAYRAM<\/td>\n<\/tr>\n<tr>\n<td width=\"78\">\u00dcye<\/td>\n<td width=\"222\">\u00d6\u011frenci Hem\u015fire Boran Cemal VURAR<\/td>\n<\/tr>\n<\/tbody>\n<\/table>\n<p>[\/vc_toggle][vc_toggle title=&#8221;Kalite ve Strateji Geli\u015ftirme Komisyonu&#8221;]<\/p>\n<table style=\"height: 127px;\" width=\"517\">\n<tbody>\n<tr>\n<td width=\"78\">Ba\u015fkan<\/td>\n<td width=\"222\">Do\u00e7. Dr. Suna UYSAL YAL\u00c7IN<\/td>\n<\/tr>\n<tr>\n<td width=\"78\">\u00dcye<\/td>\n<td width=\"222\">Dr. \u00d6\u011fr. \u00dcyesi Aysel \u0130NCEDERE<\/td>\n<\/tr>\n<tr>\n<td width=\"78\">\u00dcye<\/td>\n<td width=\"222\">\u00d6\u011frenci Hem\u015fire S\u0131la BAYRAM<\/td>\n<\/tr>\n<\/tbody>\n<\/table>\n<p>[\/vc_toggle][vc_toggle title=&#8221;ARGE ve Sekt\u00f6rel \u0130\u015f Birli\u011fi Komisyonu&#8221;]<\/p>\n<table style=\"height: 127px;\" width=\"517\">\n<tbody>\n<tr>\n<td width=\"78\">Ba\u015fkan<\/td>\n<td width=\"222\">Prof. Dr. Yurdanur D\u0130KMEN<\/td>\n<\/tr>\n<tr>\n<td width=\"78\">\u00dcye<\/td>\n<td width=\"222\">Dr. \u00d6\u011fr. \u00dcyesi Nida EFET\u00dcRK<\/td>\n<\/tr>\n<tr>\n<td width=\"78\">\u00dcye<\/td>\n<td width=\"222\">\u00d6\u011frenci Hem\u015fire Zeynep Sena G\u00d6N\u00dcL<\/td>\n<\/tr>\n<\/tbody>\n<\/table>\n<p>[\/vc_toggle][vc_toggle title=&#8221;Ba\u011f\u0131ml\u0131l\u0131kla M\u00fccadele Komisyonu&#8221;]<\/p>\n<table style=\"height: 127px;\" width=\"517\">\n<tbody>\n<tr>\n<td width=\"78\">Ba\u015fkan<\/td>\n<td width=\"222\">Dr. \u00d6\u011fr. \u00dcyesi Aysel \u0130NCEDERE<\/td>\n<\/tr>\n<tr>\n<td width=\"78\">\u00dcye<\/td>\n<td width=\"222\">Do\u00e7. Dr. Suna UYSAL YAL\u00c7IN<\/td>\n<\/tr>\n<tr>\n<td width=\"78\">\u00dcye<\/td>\n<td width=\"222\">Dr. \u00d6\u011fr. \u00dcyesi Mehtap AKKO\u00c7<\/td>\n<\/tr>\n<tr>\n<td width=\"78\">\u00dcye<\/td>\n<td width=\"222\">\u00d6\u011frenci Hem\u015fire Boran Cemal VURAR<\/td>\n<\/tr>\n<\/tbody>\n<\/table>\n<p>[\/vc_toggle][vc_toggle title=&#8221;Yatay Ge\u00e7i\u015f\/ \u0130ntibak Komisyonu&#8221;]<\/p>\n<table style=\"height: 127px;\" width=\"517\">\n<tbody>\n<tr>\n<td width=\"78\">Ba\u015fkan<\/td>\n<td width=\"222\">Do\u00e7. Dr. Suna UYSAL YAL\u00c7IN<\/td>\n<\/tr>\n<tr>\n<td width=\"78\">\u00dcye<\/td>\n<td width=\"222\">Dr. \u00d6\u011fr. \u00dcyesi Aysel \u0130NCEDERE<\/td>\n<\/tr>\n<tr>\n<td width=\"78\">\u00dcye<\/td>\n<td width=\"222\">\u00d6\u011frenci Hem\u015fire S\u0131la BAYRAM<\/td>\n<\/tr>\n<\/tbody>\n<\/table>\n<p>[\/vc_toggle][vc_toggle title=&#8221;Sosyal Medya, Bas\u0131n, Tan\u0131t\u0131m Faaliyetleri ve Organizasyon Komisyon&#8221;]<\/p>\n<table style=\"height: 127px;\" width=\"517\">\n<tbody>\n<tr>\n<td width=\"78\">Ba\u015fkan<\/td>\n<td width=\"222\">Dr. \u00d6\u011fr. \u00dcyesi Mehtap AKKO\u00c7<\/td>\n<\/tr>\n<tr>\n<td width=\"78\">\u00dcye<\/td>\n<td width=\"222\">Dr. \u00d6\u011fr. \u00dcyesi Azzet Y\u00dcKSEL<\/td>\n<\/tr>\n<tr>\n<td width=\"78\">\u00dcye<\/td>\n<td width=\"222\">\u00d6\u011frenci Hem\u015fire S\u0131la BAYRAM<\/td>\n<\/tr>\n<tr>\n<td width=\"78\">\u00dcye<\/td>\n<td width=\"222\">\u00d6\u011frenci Hem\u015fire Boran Cemal VURAR<\/td>\n<\/tr>\n<\/tbody>\n<\/table>\n<p>[\/vc_toggle][vc_toggle title=&#8221;Topluma Katk\u0131 ve S\u00fcrd\u00fcr\u00fclebilirlik Komisyonu&#8221;]<\/p>\n<table style=\"height: 127px;\" width=\"517\">\n<tbody>\n<tr>\n<td width=\"78\">Ba\u015fkan<\/td>\n<td width=\"222\">Dr. \u00d6\u011fr. \u00dcyesi Nida EFET\u00dcRK<\/td>\n<\/tr>\n<tr>\n<td width=\"78\">\u00dcye<\/td>\n<td width=\"222\">\u00d6\u011frenci Hem\u015fire Boran Cemal VURAR<\/td>\n<\/tr>\n<tr>\n<td width=\"78\">\u00dcye<\/td>\n<td width=\"222\">\u00d6\u011frenci Hem\u015fire Hafsa G\u00dcLM\u00dc\u015e<\/td>\n<\/tr>\n<\/tbody>\n<\/table>\n<p>[\/vc_toggle][\/vc_column][\/vc_row]<\/p>\n<\/div>","protected":false},"excerpt":{"rendered":"<p>[vc_row][vc_column][vc_toggle title=&#8221;Bilimsel Ara\u015ft\u0131rma Projeleri Komisyonu&#8221;] Ba\u015fkan Prof. Dr. Yurdanur D\u0130KMEN \u00dcye Dr. \u00d6\u011fr. \u00dcyesi Aysel \u0130NCEDERE \u00dcye Dr. \u00d6\u011fr. \u00dcyesi Azzet Y\u00dcKSEL \u00dcye \u00d6\u011frenci Hem\u015fire Zeynep Sena G\u00d6N\u00dcL [\/vc_toggle][vc_toggle title=&#8221;ERASMUS Komisyonu&#8221;] Ba\u015fkan \u00dcye Dr. \u00d6\u011fr. \u00dcyesi Ay\u015fe EM\u0130NOV \u00dcye Dr. &hellip; <\/p>\n","protected":false},"author":12,"featured_media":0,"parent":0,"menu_order":0,"comment_status":"closed","ping_status":"closed","template":"","meta":{"footnotes":""},"_links":{"self":[{"href":"https:\/\/kocaelisaglik.edu.tr\/saglik\/wp-json\/wp\/v2\/pages\/9331"}],"collection":[{"href":"https:\/\/kocaelisaglik.edu.tr\/saglik\/wp-json\/wp\/v2\/pages"}],"about":[{"href":"https:\/\/kocaelisaglik.edu.tr\/saglik\/wp-json\/wp\/v2\/types\/page"}],"author":[{"embeddable":true,"href":"https:\/\/kocaelisaglik.edu.tr\/saglik\/wp-json\/wp\/v2\/users\/12"}],"replies":[{"embeddable":true,"href":"https:\/\/kocaelisaglik.edu.tr\/saglik\/wp-json\/wp\/v2\/comments?post=9331"}],"version-history":[{"count":6,"href":"https:\/\/kocaelisaglik.edu.tr\/saglik\/wp-json\/wp\/v2\/pages\/9331\/revisions"}],"predecessor-version":[{"id":9708,"href":"https:\/\/kocaelisaglik.edu.tr\/saglik\/wp-json\/wp\/v2\/pages\/9331\/revisions\/9708"}],"wp:attachment":[{"href":"https:\/\/kocaelisaglik.edu.tr\/saglik\/wp-json\/wp\/v2\/media?parent=9331"}],"curies":[{"name":"wp","href":"https:\/\/api.w.org\/{rel}","templated":true}]}}

Bölüm Komisyonları

<div class="wpb-content-wrapper"><p>[vc_row][vc_column][vc_toggle title=&#8221;Bilimsel Araştırma Projeleri Komisyonu&#8221;]</p>
<table style="height: 127px;" width="517">
<tbody>
<tr>
<td width="78">Başkan</td>
<td width="222">Prof. Dr. Yurdanur DİKMEN</td>
</tr>
<tr>
<td width="78">Üye</td>
<td width="222">Dr. Öğr. Üyesi Aysel İNCEDERE</td>
</tr>
<tr>
<td width="78">Üye</td>
<td width="222">Dr. Öğr. Üyesi Azzet YÜKSEL</td>
</tr>
<tr>
<td width="78">Üye</td>
<td width="222">Öğrenci Hemşire Zeynep Sena GÖNÜL</td>
</tr>
</tbody>
</table>
<p>[/vc_toggle][vc_toggle title=&#8221;ERASMUS Komisyonu&#8221;]</p>
<table style="height: 127px;" width="517">
<tbody>
<tr>
<td width="78">Başkan</td>
<td width="222"></td>
</tr>
<tr>
<td width="78">Üye</td>
<td width="222">Dr. Öğr. Üyesi Ayşe EMİNOV</td>
</tr>
<tr>
<td width="78">Üye</td>
<td width="222">Dr. Öğr. Üyesi Azzet YÜKSEL</td>
</tr>
<tr>
<td width="78">Üye</td>
<td width="222">Öğrenci Hemşire Hafsa GÜLMÜŞ</td>
</tr>
</tbody>
</table>
<p>[/vc_toggle][vc_toggle title=&#8221;Eğitim Komisyonu&#8221;]</p>
<table style="height: 127px;" width="517">
<tbody>
<tr>
<td width="78">Başkan</td>
<td width="222">Dr. Öğr. Üyesi Ayşe EMİNOV</td>
</tr>
<tr>
<td width="78">Üye</td>
<td width="222">Prof. Dr. Yurdanur DİKMEN</td>
</tr>
<tr>
<td width="78">Üye</td>
<td width="222">Doç. Dr. Suna UYSAL YALÇIN</td>
</tr>
<tr>
<td width="78">Üye</td>
<td width="222">Öğrenci Hemşire Zeynep Sena GÖNÜL</td>
</tr>
</tbody>
</table>
<p>[/vc_toggle][vc_toggle title=&#8221;Mesleki Eğitim Komisyonu&#8221;]</p>
<table style="height: 127px;" width="517">
<tbody>
<tr>
<td width="78">Başkan</td>
<td width="222">Dr. Öğr. Üyesi Azzet YÜKSEL</td>
</tr>
<tr>
<td width="78">Üye</td>
<td width="222">Dr. Öğr. Üyesi Nida EFETÜRK</td>
</tr>
<tr>
<td width="78">Üye</td>
<td width="222">Dr. Öğr. Üyesi Aysel İNCEDERE</td>
</tr>
<tr>
<td width="78">Üye</td>
<td width="222">Öğrenci Hemşire Sıla BAYRAM</td>
</tr>
</tbody>
</table>
<p>[/vc_toggle][vc_toggle title=&#8221;Öğrenci Toplulukları Komisyonu&#8221;]</p>
<table style="height: 127px;" width="517">
<tbody>
<tr>
<td width="78">Başkan</td>
<td width="222">Dr. Öğr. Üyesi Mehtap AKKOÇ</td>
</tr>
<tr>
<td width="78">Üye</td>
<td width="222">Dr. Öğr. Üyesi Azzet YÜKSEL</td>
</tr>
<tr>
<td width="78">Üye</td>
<td width="222">Öğrenci Hemşire Hafsa GÜLMÜŞ</td>
</tr>
</tbody>
</table>
<p>[/vc_toggle][vc_toggle title=&#8221;Yurt Dışından Öğrenci Kabul Komisyonu&#8221;]</p>
<table style="height: 127px;" width="517">
<tbody>
<tr>
<td width="78">Başkan</td>
<td width="222">Doç. Dr. Suna UYSAL YALÇIN</td>
</tr>
<tr>
<td width="78">Üye</td>
<td width="222">Dr. Öğr. Üyesi Nida EFETÜRK</td>
</tr>
<tr>
<td width="78">Üye</td>
<td width="222">Öğrenci Hemşire Sıla BAYRAM</td>
</tr>
<tr>
<td width="78">Üye</td>
<td width="222">Öğrenci Hemşire Boran Cemal VURAR</td>
</tr>
</tbody>
</table>
<p>[/vc_toggle][vc_toggle title=&#8221;Kalite ve Strateji Geliştirme Komisyonu&#8221;]</p>
<table style="height: 127px;" width="517">
<tbody>
<tr>
<td width="78">Başkan</td>
<td width="222">Doç. Dr. Suna UYSAL YALÇIN</td>
</tr>
<tr>
<td width="78">Üye</td>
<td width="222">Dr. Öğr. Üyesi Aysel İNCEDERE</td>
</tr>
<tr>
<td width="78">Üye</td>
<td width="222">Öğrenci Hemşire Sıla BAYRAM</td>
</tr>
</tbody>
</table>
<p>[/vc_toggle][vc_toggle title=&#8221;ARGE ve Sektörel İş Birliği Komisyonu&#8221;]</p>
<table style="height: 127px;" width="517">
<tbody>
<tr>
<td width="78">Başkan</td>
<td width="222">Prof. Dr. Yurdanur DİKMEN</td>
</tr>
<tr>
<td width="78">Üye</td>
<td width="222">Dr. Öğr. Üyesi Nida EFETÜRK</td>
</tr>
<tr>
<td width="78">Üye</td>
<td width="222">Öğrenci Hemşire Zeynep Sena GÖNÜL</td>
</tr>
</tbody>
</table>
<p>[/vc_toggle][vc_toggle title=&#8221;Bağımlılıkla Mücadele Komisyonu&#8221;]</p>
<table style="height: 127px;" width="517">
<tbody>
<tr>
<td width="78">Başkan</td>
<td width="222">Dr. Öğr. Üyesi Aysel İNCEDERE</td>
</tr>
<tr>
<td width="78">Üye</td>
<td width="222">Doç. Dr. Suna UYSAL YALÇIN</td>
</tr>
<tr>
<td width="78">Üye</td>
<td width="222">Dr. Öğr. Üyesi Mehtap AKKOÇ</td>
</tr>
<tr>
<td width="78">Üye</td>
<td width="222">Öğrenci Hemşire Boran Cemal VURAR</td>
</tr>
</tbody>
</table>
<p>[/vc_toggle][vc_toggle title=&#8221;Yatay Geçiş/ İntibak Komisyonu&#8221;]</p>
<table style="height: 127px;" width="517">
<tbody>
<tr>
<td width="78">Başkan</td>
<td width="222">Doç. Dr. Suna UYSAL YALÇIN</td>
</tr>
<tr>
<td width="78">Üye</td>
<td width="222">Dr. Öğr. Üyesi Aysel İNCEDERE</td>
</tr>
<tr>
<td width="78">Üye</td>
<td width="222">Öğrenci Hemşire Sıla BAYRAM</td>
</tr>
</tbody>
</table>
<p>[/vc_toggle][vc_toggle title=&#8221;Sosyal Medya, Basın, Tanıtım Faaliyetleri ve Organizasyon Komisyon&#8221;]</p>
<table style="height: 127px;" width="517">
<tbody>
<tr>
<td width="78">Başkan</td>
<td width="222">Dr. Öğr. Üyesi Mehtap AKKOÇ</td>
</tr>
<tr>
<td width="78">Üye</td>
<td width="222">Dr. Öğr. Üyesi Azzet YÜKSEL</td>
</tr>
<tr>
<td width="78">Üye</td>
<td width="222">Öğrenci Hemşire Sıla BAYRAM</td>
</tr>
<tr>
<td width="78">Üye</td>
<td width="222">Öğrenci Hemşire Boran Cemal VURAR</td>
</tr>
</tbody>
</table>
<p>[/vc_toggle][vc_toggle title=&#8221;Topluma Katkı ve Sürdürülebilirlik Komisyonu&#8221;]</p>
<table style="height: 127px;" width="517">
<tbody>
<tr>
<td width="78">Başkan</td>
<td width="222">Dr. Öğr. Üyesi Nida EFETÜRK</td>
</tr>
<tr>
<td width="78">Üye</td>
<td width="222">Öğrenci Hemşire Boran Cemal VURAR</td>
</tr>
<tr>
<td width="78">Üye</td>
<td width="222">Öğrenci Hemşire Hafsa GÜLMÜŞ</td>
</tr>
</tbody>
</table>
<p>[/vc_toggle][/vc_column][/vc_row]</p>
</div>

<p>[vc_row][vc_column][vc_toggle title=&#8221;Bilimsel Araştırma Projeleri Komisyonu&#8221;] Başkan Prof. Dr. Yurdanur DİKMEN Üye Dr. Öğr. Üyesi Aysel İNCEDERE Üye Dr. Öğr. Üyesi Azzet YÜKSEL Üye Öğrenci Hemşire Zeynep Sena GÖNÜL [/vc_toggle][vc_toggle title=&#8221;ERASMUS Komisyonu&#8221;] Başkan Üye Dr. Öğr. Üyesi Ayşe EMİNOV Üye Dr. &hellip; </p>
