{"id":8685,"date":"2024-11-01T15:44:51","date_gmt":"2024-11-01T12:44:51","guid":{"rendered":"https:\/\/kocaelisaglik.edu.tr\/saglik\/?page_id=8685"},"modified":"2025-12-30T14:27:04","modified_gmt":"2025-12-30T11:27:04","slug":"hemsirelik-ogrenci-formlari","status":"publish","type":"page","link":"https:\/\/kocaelisaglik.edu.tr\/saglik\/hemsirelik-ogrenci-formlari\/","title":{"rendered":"Hem\u015firelik \u00d6\u011frenci Formlar\u0131"},"content":{"rendered":"<div class=\"wpb-content-wrapper\"><p>[vc_row][vc_column width=&#8221;1\/2&#8243;][vc_message message_box_color=&#8221;danger&#8221;]<a href=\"https:\/\/kocaelisaglik.edu.tr\/saglik\/wp-content\/uploads\/sites\/8\/2024\/11\/ruh_sagligi_ve_psikiyatri_hemsireligi_01_11.pdf\">Ruh Sa\u011fl\u0131\u011f\u0131 ve Psikiyatri Hem\u015fireli\u011fi Dersi \u00d6\u011frenci De\u011ferlendirme Formu<\/a>[\/vc_message][\/vc_column][vc_column width=&#8221;1\/2&#8243;][vc_message message_box_color=&#8221;danger&#8221;]<a href=\"https:\/\/kocaelisaglik.edu.tr\/saglik\/wp-content\/uploads\/sites\/8\/2024\/11\/postnatal_donem_veri_toplama_formu_01_11.pdf\">Postnatal D\u00f6nem Veri Toplama Formu<\/a>[\/vc_message][\/vc_column][\/vc_row][vc_row][vc_column width=&#8221;1\/2&#8243;][vc_message message_box_color=&#8221;danger&#8221;]<a href=\"https:\/\/kocaelisaglik.edu.tr\/saglik\/wp-content\/uploads\/sites\/8\/2024\/11\/jinekolojik_hastaliklar_veri_toplama_formu_01_11.pdf\">Jinekolojik Hastal\u0131klar Veri Toplama Formu<\/a>[\/vc_message][\/vc_column][vc_column width=&#8221;1\/2&#8243;][vc_message message_box_color=&#8221;danger&#8221;]<a href=\"https:\/\/kocaelisaglik.edu.tr\/saglik\/wp-content\/uploads\/sites\/8\/2024\/11\/hemsirelik_esaslari_veri_toplama_formu_01_11.pdf\">Hem\u015firelik Esaslar\u0131 Veri Toplama Formu<\/a>[\/vc_message][\/vc_column][\/vc_row][vc_row][vc_column width=&#8221;1\/2&#8243;][vc_message message_box_color=&#8221;danger&#8221;]<a href=\"https:\/\/kocaelisaglik.edu.tr\/saglik\/wp-content\/uploads\/sites\/8\/2025\/12\/ic_hastaliklari_hemsireligi_klinik_uygulama_formu_30_12.pdf\">\u0130\u00e7 Hastal\u0131klar\u0131 Hem\u015fireli\u011fi Klinik Uygulama Formu<\/a>[\/vc_message][\/vc_column][vc_column width=&#8221;1\/2&#8243;][vc_message message_box_color=&#8221;danger&#8221;]<a href=\"https:\/\/kocaelisaglik.edu.tr\/saglik\/wp-content\/uploads\/sites\/8\/2025\/12\/halk_sagligi_hemsireligi_klinik_uygulama_formu_30_12.pdf\">Halk Sa\u011fl\u0131\u011f\u0131 Hem\u015fireli\u011fi Klinik Uygulama Formu<\/a>[\/vc_message][\/vc_column][\/vc_row][vc_row][vc_column width=&#8221;1\/2&#8243;][vc_message message_box_color=&#8221;danger&#8221;]<a href=\"https:\/\/kocaelisaglik.edu.tr\/saglik\/wp-content\/uploads\/sites\/8\/2024\/11\/halk_sagligi_klinik_uygulama_formlari_01_11.pdf\">Halk Sa\u011fl\u0131\u011f\u0131 Hem\u015fireli\u011fi Dersi Okul Sa\u011fl\u0131\u011f\u0131 Uygulama Dosyas\u0131<\/a>[\/vc_message][\/vc_column][vc_column width=&#8221;1\/2&#8243;][vc_message message_box_color=&#8221;danger&#8221;]<a href=\"https:\/\/kocaelisaglik.edu.tr\/saglik\/wp-content\/uploads\/sites\/8\/2024\/11\/dogumhane_veri_toplama_formu_01_11.pdf\">Do\u011fumhane Veri Toplama Formu<\/a>[\/vc_message][\/vc_column][\/vc_row][vc_row][vc_column width=&#8221;1\/2&#8243;][vc_message message_box_color=&#8221;danger&#8221;]<a href=\"https:\/\/kocaelisaglik.edu.tr\/saglik\/wp-content\/uploads\/sites\/8\/2024\/11\/cocuk_sagligi_ve_hastaliklari_veri_toplama_formu_01_11.pdf\">\u00c7ocuk Sa\u011fl\u0131\u011f\u0131 ve Hastal\u0131klar\u0131 Veri Toplama Formu<\/a>[\/vc_message][\/vc_column][vc_column width=&#8221;1\/2&#8243;][vc_message message_box_color=&#8221;danger&#8221;]<a href=\"https:\/\/kocaelisaglik.edu.tr\/saglik\/wp-content\/uploads\/sites\/8\/2024\/11\/cerrahi_uygulama_veri_toplama_formu_01_11.pdf\">Cerrahi Uygulama Veri Toplama Formu<\/a>[\/vc_message][\/vc_column][\/vc_row][vc_row][vc_column width=&#8221;1\/2&#8243;][vc_message message_box_color=&#8221;danger&#8221;]<a href=\"https:\/\/kocaelisaglik.edu.tr\/saglik\/wp-content\/uploads\/sites\/8\/2024\/11\/cerrahi_hastaliklari_hemsireligi_dersi_ogrenci_degerlendirme_01_11.pdf\">Cerrahi Hastal\u0131klar\u0131 Hem\u015fireli\u011fi Dersi \u00d6\u011frenci De\u011ferlendirme Formu<\/a>[\/vc_message][\/vc_column][vc_column width=&#8221;1\/2&#8243;][vc_message message_box_color=&#8221;danger&#8221;]<a href=\"https:\/\/kocaelisaglik.edu.tr\/saglik\/wp-content\/uploads\/sites\/8\/2024\/11\/antenatal_donem_veri_toplama_formu_01_11.pdf\">Antenatal D\u00f6nem Veri Toplama Formu<\/a>[\/vc_message][\/vc_column][\/vc_row][vc_row][vc_column width=&#8221;1\/2&#8243;][vc_message message_box_color=&#8221;danger&#8221;]<a href=\"https:\/\/kocaelisaglik.edu.tr\/saglik\/wp-content\/uploads\/sites\/8\/2024\/11\/akran_yonderlik_diger_formlar_01_11.pdf\">Akran Y\u00f6nderlik Formu<\/a>[\/vc_message][\/vc_column][vc_column width=&#8221;1\/2&#8243;][vc_message message_box_color=&#8221;danger&#8221;]<a href=\"https:\/\/kocaelisaglik.edu.tr\/saglik\/wp-content\/uploads\/sites\/8\/2024\/11\/akran_yonderligi_plan_formu_01_11.pdf\">Akran Y\u00f6nderli\u011fi Plan Formu<\/a>[\/vc_message][\/vc_column][\/vc_row]<\/p>\n<\/div>","protected":false},"excerpt":{"rendered":"<p>[vc_row][vc_column width=&#8221;1\/2&#8243;][vc_message message_box_color=&#8221;danger&#8221;]Ruh Sa\u011fl\u0131\u011f\u0131 ve Psikiyatri Hem\u015fireli\u011fi Dersi \u00d6\u011frenci De\u011ferlendirme Formu[\/vc_message][\/vc_column][vc_column width=&#8221;1\/2&#8243;][vc_message message_box_color=&#8221;danger&#8221;]Postnatal D\u00f6nem Veri Toplama Formu[\/vc_message][\/vc_column][\/vc_row][vc_row][vc_column width=&#8221;1\/2&#8243;][vc_message message_box_color=&#8221;danger&#8221;]Jinekolojik Hastal\u0131klar Veri Toplama Formu[\/vc_message][\/vc_column][vc_column width=&#8221;1\/2&#8243;][vc_message message_box_color=&#8221;danger&#8221;]Hem\u015firelik Esaslar\u0131 Veri Toplama Formu[\/vc_message][\/vc_column][\/vc_row][vc_row][vc_column width=&#8221;1\/2&#8243;][vc_message message_box_color=&#8221;danger&#8221;]\u0130\u00e7 Hastal\u0131klar\u0131 Hem\u015fireli\u011fi Klinik Uygulama Formu[\/vc_message][\/vc_column][vc_column width=&#8221;1\/2&#8243;][vc_message message_box_color=&#8221;danger&#8221;]Halk Sa\u011fl\u0131\u011f\u0131 Hem\u015fireli\u011fi &hellip; <\/p>\n","protected":false},"author":12,"featured_media":0,"parent":0,"menu_order":0,"comment_status":"closed","ping_status":"closed","template":"","meta":{"footnotes":""},"_links":{"self":[{"href":"https:\/\/kocaelisaglik.edu.tr\/saglik\/wp-json\/wp\/v2\/pages\/8685"}],"collection":[{"href":"https:\/\/kocaelisaglik.edu.tr\/saglik\/wp-json\/wp\/v2\/pages"}],"about":[{"href":"https:\/\/kocaelisaglik.edu.tr\/saglik\/wp-json\/wp\/v2\/types\/page"}],"author":[{"embeddable":true,"href":"https:\/\/kocaelisaglik.edu.tr\/saglik\/wp-json\/wp\/v2\/users\/12"}],"replies":[{"embeddable":true,"href":"https:\/\/kocaelisaglik.edu.tr\/saglik\/wp-json\/wp\/v2\/comments?post=8685"}],"version-history":[{"count":3,"href":"https:\/\/kocaelisaglik.edu.tr\/saglik\/wp-json\/wp\/v2\/pages\/8685\/revisions"}],"predecessor-version":[{"id":9570,"href":"https:\/\/kocaelisaglik.edu.tr\/saglik\/wp-json\/wp\/v2\/pages\/8685\/revisions\/9570"}],"wp:attachment":[{"href":"https:\/\/kocaelisaglik.edu.tr\/saglik\/wp-json\/wp\/v2\/media?parent=8685"}],"curies":[{"name":"wp","href":"https:\/\/api.w.org\/{rel}","templated":true}]}}