{"id":6904,"date":"2020-12-06T23:40:33","date_gmt":"2020-12-06T20:40:33","guid":{"rendered":"https:\/\/kocaelisaglik.edu.tr\/dishekimligi\/?page_id=6902"},"modified":"2026-03-11T15:42:20","modified_gmt":"2026-03-11T12:42:20","slug":"ftr-ders-programi","status":"publish","type":"page","link":"https:\/\/kocaelisaglik.edu.tr\/saglik\/ftr-ders-programi\/","title":{"rendered":"FTR Ders Program\u0131"},"content":{"rendered":"<div class=\"wpb-content-wrapper\"><p>[vc_row][vc_column][vc_column_text]<\/p>\n<table class=\"item\" style=\"table-layout: fixed; width: 100%; border: 2px solid black; border-collapse: collapse;\">\n<tbody>\n<tr>\n<td style=\"border: 1px solid black; text-align: center;\" colspan=\"9\"><strong><span style=\"font-size: small;\">2025 \/ 2026 BAHAR YARIYILI 1.SINIF<\/span><\/strong><\/td>\n<\/tr>\n<tr>\n<td style=\"border: 1px solid black;\"><span style=\"font-size: small;\"><span style=\"color: white;\">Pazartesi<\/span><\/span><\/td>\n<td style=\"border: 1px solid black; text-align: center;\"><strong><span style=\"font-size: small;\">09.00 &#8211; 10.00<\/span><\/strong><\/td>\n<td style=\"border: 1px solid black; text-align: center;\"><strong><span style=\"font-size: small;\">10.00 &#8211; 11.00<\/span><\/strong><\/td>\n<td style=\"border: 1px solid black; text-align: center;\"><strong><span style=\"font-size: small;\">11.00 &#8211; 12.00<\/span><\/strong><\/td>\n<td style=\"border: 1px solid black; text-align: center;\"><strong><span style=\"font-size: small;\">12.00 &#8211; 13.00<\/span><\/strong><\/td>\n<td style=\"border: 1px solid black; text-align: center;\"><strong><span style=\"font-size: small;\">13.00 &#8211; 14.00<\/span><\/strong><\/td>\n<td style=\"border: 1px solid black; text-align: center;\"><strong><span style=\"font-size: small;\">14.00 &#8211; 15.00<\/span><\/strong><\/td>\n<td style=\"border: 1px solid black; text-align: center;\"><strong><span style=\"font-size: small;\">15.00 &#8211; 16.00<\/span><\/strong><\/td>\n<td style=\"border: 1px solid black; text-align: center;\"><strong><span style=\"font-size: small;\">16.00 &#8211; 17.00<\/span><\/strong><\/td>\n<\/tr>\n<\/tbody>\n<tbody>\n<tr>\n<td style=\"border: 1px solid black;\"><strong><span style=\"font-size: small;\">Pazartesi<\/span><\/strong><\/td>\n<td style=\"border: 1px solid black; text-align: center;\" colspan=\"2\"><\/td>\n<td style=\"border: 1px solid black; text-align: center;\" colspan=\"2\"><span style=\"font-size: small;\">T\u0131bbi Biyoloji ve Genetik<br \/>\nDr. \u00d6\u011fr. \u00dcyesi B\u00fc\u015fra \u00d6NCEL DUMAN<br \/>\nD101<\/span><\/td>\n<td style=\"border: 1px solid black; text-align: center;\" colspan=\"3\"><span style=\"font-size: small;\">Fizyoloji II<br \/>\nDr. \u00d6\u011fr. \u00dcyesi Alim NURAYDIN<br \/>\nD401<\/span><\/td>\n<td style=\"border: 1px solid black;\"><\/td>\n<\/tr>\n<\/tbody>\n<tbody>\n<tr>\n<td style=\"border: 1px solid black;\"><span style=\"font-size: small;\"><strong>Sal\u0131<\/strong><\/span><\/td>\n<td style=\"border: 1px solid black; text-align: center;\" colspan=\"2\"><span style=\"font-size: small;\">Hareket ve Fonksiyon Geli\u015fimi<br \/>\n\u00d6\u011fr. G\u00f6r. Ebru SEVER<br \/>\nFTR Lab.<\/span><\/td>\n<td style=\"border: 1px solid black; text-align: center;\" colspan=\"2\"><span style=\"font-size: small;\">Farmakoloji<br \/>\nDr. \u00d6\u011fr. \u00dcyesi M\u00fcnteha \u00d6ZSOY \/ \u00d6\u011fr. G\u00f6r. Fatmanur KOCAKAYA<br \/>\nD102<\/span><\/td>\n<td style=\"border: 1px solid black; text-align: center;\" colspan=\"2\"><span style=\"font-size: small;\">Fizik<br \/>\nDr. \u00d6\u011fr. \u00dcyesi Saliha ELMAS<br \/>\nE101<\/span><\/td>\n<td style=\"border: 1px solid black; text-align: center;\" colspan=\"2\"><span style=\"font-size: small;\"><span style=\"font-size: small;\">1. S\u0131n\u0131flar Dan\u0131\u015fmanl\u0131k Saati<br \/>\nDr. \u00d6\u011fr. \u00dcyesi G\u00f6n\u00fcl ERTUN\u00c7 G\u00dcL\u00c7EL\u0130K<\/span><\/span><\/td>\n<\/tr>\n<\/tbody>\n<tbody>\n<tr>\n<td style=\"border: 1px solid black;\"><strong><span style=\"font-size: small;\">\u00c7ar\u015famba<\/span><\/strong><\/td>\n<td style=\"border: 1px solid black; text-align: center;\" colspan=\"2\"><\/td>\n<td style=\"border: 1px solid black; text-align: center;\" colspan=\"2\"><span style=\"font-size: small;\">Anatomi II<br \/>\nDr. \u00d6\u011fr. \u00dcyesi Sabri MED\u0130\u015eO\u011eLU<br \/>\nS101<\/span><\/td>\n<td style=\"border: 1px solid black; text-align: center;\" colspan=\"2\"><span style=\"font-size: small;\">Anatomi II ( Pratik )<br \/>\nDr. \u00d6\u011fr. \u00dcyesi Sabri MED\u0130\u015eO\u011eLU<br \/>\nLab.<\/span><\/td>\n<td style=\"border: 1px solid black; text-align: center;\" colspan=\"2\"><span style=\"font-size: small;\">Biyokimya<br \/>\nDr. \u00d6\u011fr. \u00dcyesi Elif Esra ALTUNER<br \/>\nE101<\/span><\/td>\n<\/tr>\n<\/tbody>\n<tbody>\n<tr>\n<td style=\"border: 1px solid black;\"><span style=\"font-size: small;\"><strong>Per\u015fembe<\/strong><\/span><\/td>\n<td style=\"border: 1px solid black; text-align: center;\"><\/td>\n<td style=\"border: 1px solid black; text-align: center;\"><\/td>\n<td style=\"border: 1px solid black; text-align: center;\" colspan=\"2\"><span style=\"font-size: small;\">Patoloji<br \/>\nDr. \u00d6\u011fr. \u00dcyesi Ay\u015feg\u00fcl TOHUMCU \u015eENER<br \/>\nAmfi A<\/span><\/td>\n<td style=\"border: 1px solid black; text-align: center;\" colspan=\"2\"><\/td>\n<td style=\"border: 1px solid black; text-align: center;\" colspan=\"2\"><\/td>\n<\/tr>\n<tr>\n<td style=\"border: 1px solid black;\"><span style=\"font-size: small;\"><strong>Cuma<\/strong><\/span><\/td>\n<td style=\"border: 1px solid black; text-align: center;\" colspan=\"8\"><\/td>\n<\/tr>\n<\/tbody>\n<\/table>\n<p>[\/vc_column_text][vc_empty_space][vc_column_text]<\/p>\n<table class=\"item\" style=\"table-layout: fixed; width: 100%; border: 2px solid black; border-collapse: collapse;\">\n<tbody>\n<tr>\n<td style=\"border: 1px solid black; text-align: center;\" colspan=\"11\"><strong><span style=\"font-size: small;\">2.SINIF<\/span><\/strong><\/td>\n<\/tr>\n<tr>\n<td style=\"border: 1px solid black;\"><span style=\"font-size: small;\"><span style=\"color: white;\">Pazartesi<\/span><\/span><\/td>\n<td style=\"border: 1px solid black; text-align: center;\"><strong><span style=\"font-size: small;\">09.00 &#8211; 10.00<\/span><\/strong><\/td>\n<td style=\"border: 1px solid black; text-align: center;\"><strong><span style=\"font-size: small;\">10.00 &#8211; 11.00<\/span><\/strong><\/td>\n<td style=\"border: 1px solid black; text-align: center;\"><strong><span style=\"font-size: small;\">11.00 &#8211; 12.00<\/span><\/strong><\/td>\n<td style=\"border: 1px solid black; text-align: center;\"><strong><span style=\"font-size: small;\">12.00 &#8211; 13.00<\/span><\/strong><\/td>\n<td style=\"border: 1px solid black; text-align: center;\"><strong><span style=\"font-size: small;\">13.00 &#8211; 14.00<\/span><\/strong><\/td>\n<td style=\"border: 1px solid black; text-align: center;\"><strong><span style=\"font-size: small;\">14.00 &#8211; 15.00<\/span><\/strong><\/td>\n<td style=\"border: 1px solid black; text-align: center;\"><strong><span style=\"font-size: small;\">15.00 &#8211; 16.00<\/span><\/strong><\/td>\n<td style=\"border: 1px solid black; text-align: center;\"><strong><span style=\"font-size: small;\">16.00 &#8211; 17.00<\/span><\/strong><\/td>\n<td style=\"border: 1px solid black; text-align: center;\"><strong><span style=\"font-size: small;\">17.00 &#8211; 18.00<\/span><\/strong><\/td>\n<td style=\"border: 1px solid black; text-align: center;\"><strong><span style=\"font-size: small;\">18.00 &#8211; 19.00<\/span><\/strong><\/td>\n<\/tr>\n<\/tbody>\n<tbody>\n<tr>\n<td style=\"border: 1px solid black;\"><strong><span style=\"font-size: small;\">Pazartesi<\/span><\/strong><\/td>\n<td style=\"border: 1px solid black; text-align: center;\"><\/td>\n<td style=\"border: 1px solid black; text-align: center;\" colspan=\"2\"><span style=\"font-size: small;\">Kad\u0131n Sa\u011fl\u0131\u011f\u0131 ve K\u00fclt\u00fcr<br \/>\n( Disiplinleraras\u0131 Se\u00e7meli)<br \/>\nDr. \u00d6\u011fr. \u00dcyesi Nida EFET\u00dcRK<br \/>\nOnline<\/span><\/td>\n<td style=\"border: 1px solid black; text-align: center;\" colspan=\"2\"><span style=\"font-size: small;\">Manip\u00fclatif Tedavi II ( Teorik)<br \/>\n\u00d6\u011fr. G\u00f6r. Gamze AYDO\u011eAN<br \/>\nFTR Lab.<\/span><\/td>\n<td style=\"border: 1px solid black; text-align: center;\" colspan=\"2\"><span style=\"font-size: small;\">Manip\u00fclatif Tedavi II ( Pratik)<br \/>\n\u00d6\u011fr. G\u00f6r. Gamze AYDO\u011eAN<br \/>\nFTR Lab.<\/span><\/td>\n<td style=\"border: 1px solid black;\"><\/td>\n<td style=\"border: 1px solid black; text-align: center;\" colspan=\"2\"><span style=\"font-size: small;\">Cerrahi Bilimler<br \/>\nProf. Dr. Cem Yal\u0131n KILIN\u00c7<br \/>\nOnline<\/span><\/td>\n<\/tr>\n<\/tbody>\n<tbody>\n<tr>\n<td style=\"border: 1px solid black;\"><span style=\"font-size: small;\"><strong>Sal\u0131<\/strong><\/span><\/td>\n<td style=\"border: 1px solid black; text-align: center;\" colspan=\"2\"><span style=\"font-size: small;\">Kinezyoloji II<br \/>\nOp. Dr. R\u0131dvan \u00d6NER<br \/>\nFTR Lab.<\/span><\/td>\n<td style=\"border: 1px solid black; text-align: center;\" colspan=\"2\"><span style=\"font-size: small;\">Fiziksel Aktivite<br \/>\n\u00d6\u011fr. G\u00f6r. Ebru SEVER<br \/>\nFTR Lab.<br \/>\n<\/span><\/td>\n<td style=\"border: 1px solid black; text-align: center;\" colspan=\"2\"><span style=\"font-size: small;\">Egzersiz Fizyolojisi<br \/>\nDr. \u00d6\u011fr. \u00dcyesi Alim NURAYDIN<br \/>\nE102<\/span><\/td>\n<td style=\"border: 1px solid black; text-align: center;\" colspan=\"2\"><span style=\"font-size: small;\"><span style=\"font-size: small;\">Fizyoterapide A\u011fr\u0131 Y\u00f6netimi<br \/>\nDr. \u00d6\u011fr. \u00dcyesi Hatice Sena \u00c7INARLI<br \/>\nKonferans Salonu<\/span><\/span><\/td>\n<td style=\"border: 1px solid black;\"><\/td>\n<td style=\"border: 1px solid black;\"><\/td>\n<\/tr>\n<\/tbody>\n<tbody>\n<tr>\n<td style=\"border: 1px solid black;\"><strong><span style=\"font-size: small;\">\u00c7ar\u015famba<\/span><\/strong><\/td>\n<td style=\"border: 1px solid black; text-align: center;\" colspan=\"2\"><span style=\"font-size: small;\">Fizyoterapide Yard\u0131mc\u0131 Gere\u00e7ler<br \/>\n\u00d6\u011fr. G\u00f6r. Gamze AYDO\u011eAN<br \/>\nFTR Lab.<\/span><\/td>\n<td style=\"border: 1px solid black; text-align: center;\" colspan=\"2\"><span style=\"font-size: small;\">Temel Egzersiz Uygulamalar\u0131<br \/>\n( Teorik)<br \/>\n\u00d6\u011fr. G\u00f6r. Ebru SEVER<br \/>\nFTR Lab.<\/span><\/td>\n<td style=\"border: 1px solid black; text-align: center;\" colspan=\"2\"><span style=\"font-size: small;\">Temel Egzersiz Uygulamalar\u0131<br \/>\n( Pratik)<br \/>\n\u00d6\u011fr. G\u00f6r. Ebru SEVER<br \/>\nFTR Lab.<\/span><\/td>\n<td style=\"border: 1px solid black; text-align: center;\" colspan=\"2\"><\/td>\n<td style=\"border: 1px solid black;\"><\/td>\n<td style=\"border: 1px solid black;\"><\/td>\n<\/tr>\n<\/tbody>\n<tbody>\n<tr>\n<td style=\"border: 1px solid black;\"><span style=\"font-size: small;\"><strong>Per\u015fembe<\/strong><\/span><\/td>\n<td style=\"border: 1px solid black; text-align: center;\" colspan=\"2\"><span style=\"font-size: small;\">Elektroterapi II ( Teorik )<br \/>\n\u00d6\u011fr. G\u00f6r. Gamze AYDO\u011eAN<br \/>\nM201<\/span><\/td>\n<td style=\"border: 1px solid black; text-align: center;\" colspan=\"2\"><span style=\"font-size: small;\">Elektroterapi II ( Pratik )<br \/>\n\u00d6\u011fr. G\u00f6r. Gamze AYDO\u011eAN<br \/>\nM201<\/span><\/td>\n<td style=\"border: 1px solid black; text-align: center;\" colspan=\"2\"><span style=\"font-size: small;\">2. S\u0131n\u0131flar Dan\u0131\u015fmanl\u0131k Saati<br \/>\nDr. \u00d6\u011fr. \u00dcyesi Hatice Sena \u00c7INARLI<\/span><\/td>\n<td style=\"border: 1px solid black; text-align: center;\"><\/td>\n<td style=\"border: 1px solid black; text-align: center;\"><\/td>\n<td style=\"border: 1px solid black;\"><\/td>\n<td style=\"border: 1px solid black;\"><\/td>\n<\/tr>\n<tr>\n<td style=\"border: 1px solid black;\"><span style=\"font-size: small;\"><strong>Cuma<\/strong><\/span><\/td>\n<td style=\"border: 1px solid black; text-align: center;\" colspan=\"8\"><\/td>\n<td style=\"border: 1px solid black;\"><\/td>\n<td style=\"border: 1px solid black;\"><\/td>\n<\/tr>\n<\/tbody>\n<\/table>\n<p>[\/vc_column_text][vc_empty_space][vc_column_text]<\/p>\n<table class=\"item\" style=\"table-layout: fixed; width: 100%; border: 2px solid black; border-collapse: collapse;\">\n<tbody>\n<tr>\n<td style=\"border: 1px solid black; text-align: center;\" colspan=\"10\"><strong><span style=\"font-size: small;\">3.SINIF<\/span><\/strong><\/td>\n<\/tr>\n<tr>\n<td style=\"border: 1px solid black;\"><span style=\"font-size: small;\"><span style=\"color: white;\">Pazartesi<\/span><\/span><\/td>\n<td style=\"border: 1px solid black; text-align: center;\"><strong><span style=\"font-size: small;\">09.00 &#8211; 10.00<\/span><\/strong><\/td>\n<td style=\"border: 1px solid black; text-align: center;\"><strong><span style=\"font-size: small;\">10.00 &#8211; 11.00<\/span><\/strong><\/td>\n<td style=\"border: 1px solid black; text-align: center;\"><strong><span style=\"font-size: small;\">11.00 &#8211; 12.00<\/span><\/strong><\/td>\n<td style=\"border: 1px solid black; text-align: center;\"><strong><span style=\"font-size: small;\">12.00 &#8211; 13.00<\/span><\/strong><\/td>\n<td style=\"border: 1px solid black; text-align: center;\"><strong><span style=\"font-size: small;\">13.00 &#8211; 14.00<\/span><\/strong><\/td>\n<td style=\"border: 1px solid black; text-align: center;\"><strong><span style=\"font-size: small;\">14.00 &#8211; 15.00<\/span><\/strong><\/td>\n<td style=\"border: 1px solid black; text-align: center;\"><strong><span style=\"font-size: small;\">15.00 &#8211; 16.00<\/span><\/strong><\/td>\n<td style=\"border: 1px solid black; text-align: center;\"><strong><span style=\"font-size: small;\">16.00 &#8211; 17.00<\/span><\/strong><\/td>\n<td style=\"border: 1px solid black; text-align: center;\"><strong><span style=\"font-size: small;\">17.00 &#8211; 18.00<\/span><\/strong><\/td>\n<\/tr>\n<\/tbody>\n<tbody>\n<tr>\n<td style=\"border: 1px solid black;\"><strong><span style=\"font-size: small;\">Pazartesi<\/span><\/strong><\/td>\n<td style=\"border: 1px solid black; text-align: center;\" colspan=\"8\"><span style=\"font-size: small;\">Temel Fizyoterapi Uygulamalar\u0131<br \/>\nDr. \u00d6\u011fr. \u00dcyesi G\u00f6n\u00fcl ERTUN\u00c7 G\u00dcL\u00c7EL\u0130K \/ Dr. \u00d6\u011fr. \u00dcyesi Hatice Sena \u00c7INARLI \/ \u00d6\u011fr. G\u00f6r. Gamze AYDO\u011eAN \/ \u00d6\u011fr. G\u00f6r. Ebru SEVER<br \/>\n<\/span><\/td>\n<td style=\"border: 1px solid black; text-align: center;\"><\/td>\n<\/tr>\n<\/tbody>\n<tbody>\n<tr>\n<td style=\"border: 1px solid black;\"><span style=\"font-size: small;\"><strong>Sal\u0131<\/strong><\/span><\/td>\n<td style=\"border: 1px solid black; text-align: center;\" colspan=\"8\"><span style=\"font-size: small;\">Temel Fizyoterapi Uygulamalar\u0131<br \/>\nDr. \u00d6\u011fr. \u00dcyesi G\u00f6n\u00fcl ERTUN\u00c7 G\u00dcL\u00c7EL\u0130K \/ Dr. \u00d6\u011fr. \u00dcyesi Hatice Sena \u00c7INARLI \/ \u00d6\u011fr. G\u00f6r. Gamze AYDO\u011eAN \/ \u00d6\u011fr. G\u00f6r. Ebru SEVER<\/span><\/td>\n<td style=\"border: 1px solid black;\"><\/td>\n<\/tr>\n<\/tbody>\n<tbody>\n<tr>\n<td style=\"border: 1px solid black;\"><strong><span style=\"font-size: small;\">\u00c7ar\u015famba<\/span><\/strong><\/td>\n<td style=\"border: 1px solid black; text-align: center;\" colspan=\"2\"><span style=\"font-size: small;\">3. S\u0131n\u0131flar Dan\u0131\u015fmanl\u0131k Saati<br \/>\n\u00d6\u011fr. G\u00f6r. Ebru SEVER<br \/>\n<\/span><\/td>\n<td style=\"border: 1px solid black;\"><\/td>\n<td style=\"border: 1px solid black;\"><\/td>\n<td style=\"border: 1px solid black; text-align: center;\" colspan=\"2\"><span style=\"font-size: small;\">Protez ve Rehabilitasyon<br \/>\n\u00d6\u011fr. G\u00f6r. Gamze AYDO\u011eAN<br \/>\nS101<\/span><\/td>\n<td style=\"border: 1px solid black; text-align: center;\" colspan=\"2\"><span style=\"font-size: small;\">Ara\u015ft\u0131rma Y\u00f6ntemleri ve \u0130statistik<br \/>\nDr. \u00d6\u011fr. \u00dcyesi Esra ACAR<br \/>\nE102<\/span><\/td>\n<\/tr>\n<\/tbody>\n<tbody>\n<tr>\n<td style=\"border: 1px solid black;\"><span style=\"font-size: small;\"><strong>Per\u015fembe<\/strong><\/span><\/td>\n<td style=\"border: 1px solid black; text-align: center;\" colspan=\"2\"><span style=\"font-size: small;\">N\u00f6rolojik Rehabilitasyon ( Teorik )<br \/>\nDr. \u00d6\u011fr. \u00dcyesi G\u00f6n\u00fcl ERTUN\u00c7 G\u00dcL\u00c7EL\u0130K<br \/>\nFTR Lab. <\/span><\/td>\n<td style=\"border: 1px solid black; text-align: center;\" colspan=\"2\"><span style=\"font-size: small;\">N\u00f6rolojik Rehabilitasyon ( Pratik )<br \/>\nDr. \u00d6\u011fr. \u00dcyesi G\u00f6n\u00fcl ERTUN\u00c7 G\u00dcL\u00c7EL\u0130K<br \/>\nFTR Lab.<\/span><\/td>\n<td style=\"border: 1px solid black;\"><\/td>\n<td style=\"border: 1px solid black;\"><\/td>\n<td style=\"border: 1px solid black;\"><\/td>\n<td style=\"border: 1px solid black;\"><\/td>\n<td style=\"border: 1px solid black;\"><\/td>\n<\/tr>\n<tr>\n<td style=\"border: 1px solid black;\"><span style=\"font-size: small;\"><strong>Cuma<\/strong><\/span><\/td>\n<td style=\"border: 1px solid black; text-align: center;\" colspan=\"2\"><span style=\"font-size: small;\">Kardiyopulmoner Rehabilitasyon II<br \/>\n( Teorik )<br \/>\nDr. \u00d6\u011fr. \u00dcyesi Hatice Sena \u00c7INARLI<br \/>\nE102<\/span><\/td>\n<td style=\"border: 1px solid black; text-align: center;\" colspan=\"2\"><span style=\"font-size: small;\">Kardiyopulmoner Rehabilitasyon II<br \/>\n(Pratik )<br \/>\nDr. \u00d6\u011fr. \u00dcyesi Hatice Sena \u00c7INARLI<br \/>\nE102<\/span><\/td>\n<td style=\"border: 1px solid black;\"><\/td>\n<td style=\"border: 1px solid black; text-align: center;\" colspan=\"2\"><span style=\"font-size: small;\">N\u00f6rofizyolojik Yakla\u015f\u0131mlar II<br \/>\n( Teorik )<br \/>\nDr. \u00d6\u011fr. \u00dcyesi Hatice Sena \u00c7INARLI<br \/>\nD102<\/span><\/td>\n<td style=\"border: 1px solid black; text-align: center;\" colspan=\"2\"><span style=\"font-size: small;\">N\u00f6rofizyolojik Yakla\u015f\u0131mlar II<br \/>\n( Pratik )<br \/>\nDr. \u00d6\u011fr. \u00dcyesi Hatice Sena \u00c7INARLI<br \/>\nD102<\/span><\/td>\n<\/tr>\n<\/tbody>\n<\/table>\n<p>[\/vc_column_text][vc_empty_space][vc_column_text]<\/p>\n<table class=\"item\" style=\"table-layout: fixed; width: 100%; border: 2px solid black; border-collapse: collapse;\">\n<tbody>\n<tr>\n<td style=\"border: 1px solid black; text-align: center;\" colspan=\"10\"><strong><span style=\"font-size: small;\">4.SINIF<\/span><\/strong><\/td>\n<\/tr>\n<tr>\n<td style=\"border: 1px solid black;\"><span style=\"font-size: small;\"><span style=\"color: white;\">Pazartesi<\/span><\/span><\/td>\n<td style=\"border: 1px solid black; text-align: center;\"><strong><span style=\"font-size: small;\">09.00 &#8211; 10.00<\/span><\/strong><\/td>\n<td style=\"border: 1px solid black; text-align: center;\"><strong><span style=\"font-size: small;\">10.00 &#8211; 11.00<\/span><\/strong><\/td>\n<td style=\"border: 1px solid black; text-align: center;\"><strong><span style=\"font-size: small;\">11.00 &#8211; 12.00<\/span><\/strong><\/td>\n<td style=\"border: 1px solid black; text-align: center;\"><strong><span style=\"font-size: small;\">12.00 &#8211; 13.00<\/span><\/strong><\/td>\n<td style=\"border: 1px solid black; text-align: center;\"><strong><span style=\"font-size: small;\">13.00 &#8211; 14.00<\/span><\/strong><\/td>\n<td style=\"border: 1px solid black; text-align: center;\"><strong><span style=\"font-size: small;\">14.00 &#8211; 15.00<\/span><\/strong><\/td>\n<td style=\"border: 1px solid black; text-align: center;\"><strong><span style=\"font-size: small;\">15.00 &#8211; 16.00<\/span><\/strong><\/td>\n<td style=\"border: 1px solid black; text-align: center;\"><strong><span style=\"font-size: small;\">16.00 &#8211; 17.00<\/span><\/strong><\/td>\n<td style=\"border: 1px solid black; text-align: center;\"><strong><span style=\"font-size: small;\">17.00 &#8211; 18.00<\/span><\/strong><\/td>\n<\/tr>\n<\/tbody>\n<tbody>\n<tr>\n<td style=\"border: 1px solid black;\"><strong><span style=\"font-size: small;\">Pazartesi<\/span><\/strong><\/td>\n<td style=\"border: 1px solid black;\"><\/td>\n<td style=\"border: 1px solid black; text-align: center;\" colspan=\"2\"><span style=\"font-size: small;\">4. S\u0131n\u0131flar Dan\u0131\u015fmanl\u0131k Saati<br \/>\n\u00d6\u011fr. G\u00f6r. Gamze AYDO\u011eAN<br \/>\n<\/span><\/td>\n<td style=\"border: 1px solid black; text-align: center;\" colspan=\"2\"><span style=\"font-size: small;\">Fizyoterapi ve Rehabilitasyonda \u00d6zel Konular<br \/>\n\u00d6\u011fr. G\u00f6r. Ebru SEVER<br \/>\nFTR Lab.<\/span><\/td>\n<td style=\"border: 1px solid black;\"><\/td>\n<td style=\"border: 1px solid black; text-align: center;\" colspan=\"3\"><span style=\"font-size: small;\">Fizyoterapi ve Rehabilitasyonda Ara\u015ft\u0131rma ve Proje Geli\u015ftirme<br \/>\nDr. \u00d6\u011fr. \u00dcyesi G\u00f6n\u00fcl ERTUN\u00c7 G\u00dcL\u00c7EL\u0130K<br \/>\nD101<\/span><\/td>\n<\/tr>\n<\/tbody>\n<tbody>\n<tr>\n<td style=\"border: 1px solid black;\"><span style=\"font-size: small;\"><strong>Sal\u0131<\/strong><\/span><\/td>\n<td style=\"border: 1px solid black; text-align: center;\" colspan=\"8\"><span style=\"font-size: small;\">Klinik Uygulama I &#8211; II<br \/>\nDr. \u00d6\u011fr. \u00dcyesi G\u00f6n\u00fcl ERTUN\u00c7 G\u00dcL\u00c7EL\u0130K \/ Dr. \u00d6\u011fr. \u00dcyesi Hatice Sena \u00c7INARLI \/ \u00d6\u011fr. G\u00f6r. Gamze AYDO\u011eAN \/ \u00d6\u011fr. G\u00f6r. Ebru SEVER<\/span><\/td>\n<td style=\"border: 1px solid black;\"><\/td>\n<\/tr>\n<\/tbody>\n<tbody>\n<tr>\n<td style=\"border: 1px solid black;\"><strong><span style=\"font-size: small;\">\u00c7ar\u015famba<\/span><\/strong><\/td>\n<td style=\"border: 1px solid black; text-align: center;\" colspan=\"8\"><span style=\"font-size: small;\">Klinik Uygulama I &#8211; II<br \/>\nDr. \u00d6\u011fr. \u00dcyesi G\u00f6n\u00fcl ERTUN\u00c7 G\u00dcL\u00c7EL\u0130K \/ Dr. \u00d6\u011fr. \u00dcyesi Hatice Sena \u00c7INARLI \/ \u00d6\u011fr. G\u00f6r. Gamze AYDO\u011eAN \/ \u00d6\u011fr. G\u00f6r. Ebru SEVER<\/span><\/td>\n<td style=\"border: 1px solid black;\"><\/td>\n<\/tr>\n<\/tbody>\n<tbody>\n<tr>\n<td style=\"border: 1px solid black;\"><strong><span style=\"font-size: small;\">Per\u015fembe<\/span><\/strong><\/td>\n<td style=\"border: 1px solid black; text-align: center;\" colspan=\"8\"><span style=\"font-size: small;\">Klinik Uygulama I &#8211; II<br \/>\nDr. \u00d6\u011fr. \u00dcyesi G\u00f6n\u00fcl ERTUN\u00c7 G\u00dcL\u00c7EL\u0130K \/ Dr. \u00d6\u011fr. \u00dcyesi Hatice Sena \u00c7INARLI \/ \u00d6\u011fr. G\u00f6r. Gamze AYDO\u011eAN \/ \u00d6\u011fr. G\u00f6r. Ebru SEVER<\/span><\/td>\n<td style=\"border: 1px solid black;\"><\/td>\n<\/tr>\n<tr>\n<td style=\"border: 1px solid black;\"><span style=\"font-size: small;\"><strong>Cuma<\/strong><\/span><\/td>\n<td style=\"border: 1px solid black; text-align: center;\" colspan=\"8\"><span style=\"font-size: small;\">Klinik Uygulama I &#8211; II<br \/>\nDr. \u00d6\u011fr. \u00dcyesi G\u00f6n\u00fcl ERTUN\u00c7 G\u00dcL\u00c7EL\u0130K \/ Dr. \u00d6\u011fr. \u00dcyesi Hatice Sena \u00c7INARLI \/ \u00d6\u011fr. G\u00f6r. Gamze AYDO\u011eAN \/ \u00d6\u011fr. G\u00f6r. Ebru SEVER<\/span><\/td>\n<td style=\"border: 1px solid black;\"><\/td>\n<\/tr>\n<\/tbody>\n<\/table>\n<p>[\/vc_column_text][\/vc_column][\/vc_row]<\/p>\n<\/div>","protected":false},"excerpt":{"rendered":"<p>[vc_row][vc_column][vc_column_text] 2025 \/ 2026 BAHAR YARIYILI 1.SINIF Pazartesi 09.00 &#8211; 10.00 10.00 &#8211; 11.00 11.00 &#8211; 12.00 12.00 &#8211; 13.00 13.00 &#8211; 14.00 14.00 &#8211; 15.00 15.00 &#8211; 16.00 16.00 &#8211; 17.00 Pazartesi T\u0131bbi Biyoloji ve Genetik Dr. \u00d6\u011fr. \u00dcyesi &hellip; <\/p>\n","protected":false},"author":11,"featured_media":0,"parent":0,"menu_order":0,"comment_status":"closed","ping_status":"closed","template":"","meta":{"footnotes":""},"_links":{"self":[{"href":"https:\/\/kocaelisaglik.edu.tr\/saglik\/wp-json\/wp\/v2\/pages\/6904"}],"collection":[{"href":"https:\/\/kocaelisaglik.edu.tr\/saglik\/wp-json\/wp\/v2\/pages"}],"about":[{"href":"https:\/\/kocaelisaglik.edu.tr\/saglik\/wp-json\/wp\/v2\/types\/page"}],"author":[{"embeddable":true,"href":"https:\/\/kocaelisaglik.edu.tr\/saglik\/wp-json\/wp\/v2\/users\/11"}],"replies":[{"embeddable":true,"href":"https:\/\/kocaelisaglik.edu.tr\/saglik\/wp-json\/wp\/v2\/comments?post=6904"}],"version-history":[{"count":24,"href":"https:\/\/kocaelisaglik.edu.tr\/saglik\/wp-json\/wp\/v2\/pages\/6904\/revisions"}],"predecessor-version":[{"id":9662,"href":"https:\/\/kocaelisaglik.edu.tr\/saglik\/wp-json\/wp\/v2\/pages\/6904\/revisions\/9662"}],"wp:attachment":[{"href":"https:\/\/kocaelisaglik.edu.tr\/saglik\/wp-json\/wp\/v2\/media?parent=6904"}],"curies":[{"name":"wp","href":"https:\/\/api.w.org\/{rel}","templated":true}]}}