{"id":6956,"date":"2016-08-20T08:58:54","date_gmt":"2016-08-20T08:58:54","guid":{"rendered":"https:\/\/educationwp.thimpress.com\/?page_id=6711"},"modified":"2023-09-25T13:33:39","modified_gmt":"2023-09-25T10:33:39","slug":"anasayfa","status":"publish","type":"page","link":"https:\/\/kocaelisaglik.edu.tr\/muhendislik\/","title":{"rendered":"Anasayfa"},"content":{"rendered":"<div class=\"wpb-content-wrapper\"><p>[vc_row full_width=&#8221;stretch_row_content_no_spaces&#8221; css=&#8221;.vc_custom_1607294937915{margin-top: -60px !important;margin-bottom: 0px !important;background-position: center !important;background-repeat: no-repeat !important;background-size: cover !important;}&#8221;][vc_column][rev_slider_vc alias=&#8221;home-university&#8221;][\/vc_column][\/vc_row][vc_row el_class=&#8221;fs-flex-row&#8221;][vc_column width=&#8221;1\/3&#8243;]<div class=\"thim-widget-heading\"><div class=\"sc_heading   text-center\"><h3 style=\"color:#00b25a;font-size:28px;font-weight:400;\" class=\"title\"><b>Duyurular<\/b><\/h3><\/div><\/div><div class=\"anasayfa-duyurular\"><div class=\"thim-widget-list-post\"><div class=\"thim-list-posts home-new\">            <div class=\"item-post post-11114 post type-post status-publish format-standard hentry category-duyurular\">\n                <div class=\"article-title-wrapper\"><h5><a href=\"https:\/\/kocaelisaglik.edu.tr\/muhendislik\/duyurular\/2025-2026-bahar-donemi-mazeret-sinav-listesi-aciklandi\/\" class=\"article-title\">2025 \/ 2026 Bahar D\u00f6nemi Mazeret S\u0131nav Listesi A\u00e7\u0131kland\u0131<\/a><\/h5><div class=\"article-date\"><i class=\"ion-ios-calendar-outline\"><\/i> <span class=\"month\">Nisan<\/span> <span class=\"day\">24<\/span>, <span class=\"year\">2026<\/span><\/div><\/div>            <\/div>\n                        <div class=\"item-post post-11093 post type-post status-publish format-standard has-post-thumbnail hentry category-duyurular\">\n                <div class=\"article-title-wrapper\"><h5><a href=\"https:\/\/kocaelisaglik.edu.tr\/muhendislik\/duyurular\/staj-bilgilendirme-etkinligi\/\" class=\"article-title\">Staj Bilgilendirme Etkinli\u011fi<\/a><\/h5><div class=\"article-date\"><i class=\"ion-ios-calendar-outline\"><\/i> <span class=\"month\">Nisan<\/span> <span class=\"day\">21<\/span>, <span class=\"year\">2026<\/span><\/div><\/div>            <\/div>\n                        <div class=\"item-post post-11054 post type-post status-publish format-standard hentry category-duyurular\">\n                <div class=\"article-title-wrapper\"><h5><a href=\"https:\/\/kocaelisaglik.edu.tr\/muhendislik\/duyurular\/2025-2026-bahar-donemi-ders-programlari-aciklandi\/\" class=\"article-title\">2025 \/ 2026 Bahar D\u00f6nemi Ders Programlar\u0131 A\u00e7\u0131kland\u0131 !<\/a><\/h5><div class=\"article-date\"><i class=\"ion-ios-calendar-outline\"><\/i> <span class=\"month\">\u015eubat<\/span> <span class=\"day\">10<\/span>, <span class=\"year\">2026<\/span><\/div><\/div>            <\/div>\n            <\/div><\/div><\/div><div class=\"show-more-button\"><div class=\"thim-widget-button\"><a class=\"widget-button very-rounded no-border medium custom_style\" href=\"\/muhendislik\/duyurular\/\" style=\"font-size: 16px;font-weight: 400;color: #ffffff;background-color: #023b58;\" data-hover=\"font-size: 16px;font-weight: 400;color: #ffffff;background-color: #595959;\">Daha Fazla<\/a><\/div><\/div>[\/vc_column][vc_column width=&#8221;1\/3&#8243;][vc_single_image image=&#8221;6957&#8243; img_size=&#8221;full&#8221; alignment=&#8221;center&#8221;][vc_raw_html]JTNDc3R5bGUlM0UlMEF0aCUyQyUyMHRkJTIwJTdCJTBBJTIwJTIwcGFkZGluZy1sZWZ0JTNBJTIwMTBweCUzQiUwQSUyMCUyMHBhZGRpbmctcmlnaHQlM0ElMjAxMHB4JTNCJTBBJTIwJTIwYm9yZGVyLXN0eWxlJTNBJTIwaGlkZGVuJTNCJTBBJTdEJTBBdGFibGUlMjAlN0Jib3JkZXItc3R5bGUlM0ElMjBoaWRkZW4lM0IlN0QlMEElM0MlMkZzdHlsZSUzRSUwQSUwQSUzQ3RhYmxlJTIwc3R5bGUlM0QlMjJ3aWR0aCUzQSUyNTEwMCUyMiUzRSUwQSUyMCUyMCUyMCUyMCUzQ3RyJTNFJTBBJTIwJTIwJTIwJTIwJTA5JTNDdGQlMjBzdHlsZSUzRCUyMnRleHQtYWxpZ24lM0FjZW50ZXIlMjIlMjBjb2xzcGFuJTNEMyUzRSUwQSUyMCUyMCUyMCUyMCUyMCUyMCUyMCUyMCUzQ2g0JTIwc3R5bGUlM0QlMjJjb2xvciUzQSUyMzEwMzlhOCUyMiUzRVNvc3lhbCUyME1lZHlhZGElMjBCaXppJTIwVGFraXAlMjBFZGluJTNDJTJGaDQlM0UlMEElMjAlMjAlMjAlMjAlMjAlMjAlMjAlMjAlM0MlMkZ0ZCUzRSUwQSUyMCUyMCUyMCUyMCUzQyUyRnRyJTNFJTBBJTA5JTNDdHIlM0UlMEElMjAlMjAlMjAlMjAlMDklM0N0ZCUyMHN0eWxlJTNEJTIydGV4dC1hbGlnbiUzQWNlbnRlciUyMiUzRSUwQSUyMCUyMCUyMCUyMCUyMCUyMCUyMCUyMCUzQ2g2JTIwc3R5bGUlM0QlMjJjb2xvciUzQSUyMzEwMzlhOCUyMiUzRU0lQzMlQkNoZW5kaXNsaWslM0NiciUzRSUyMEZhayVDMyVCQ2x0ZXNpJTNDJTJGaDYlM0UlMEElMjAlMjAlMjAlMjAlMjAlMjAlMjAlMjAlM0MlMkZ0ZCUzRSUwQSUyMCUyMCUyMCUyMCUyMCUyMCUyMCUyMCUzQ3RkJTIwc3R5bGUlM0QlMjJ0ZXh0LWFsaWduJTNBY2VudGVyJTIyJTNFJTBBJTIwJTIwJTIwJTIwJTIwJTIwJTIwJTIwJTNDaDYlMjBzdHlsZSUzRCUyMmNvbG9yJTNBJTIzMTAzOWE4JTIyJTNFQmlsZ2lzYXlhciUzQ2JyJTNFJTIwTSVDMyVCQ2hlbmRpc2xpJUM0JTlGaSUzQyUyRmg2JTNFJTBBJTIwJTIwJTIwJTIwJTIwJTIwJTIwJTIwJTNDJTJGdGQlM0UlMEElMjAlMjAlMjAlMjAlMjAlMjAlMjAlMjAlM0N0ZCUyMHN0eWxlJTNEJTIydGV4dC1hbGlnbiUzQWNlbnRlciUyMiUzRSUwQSUyMCUyMCUyMCUyMCUyMCUyMCUyMCUyMCUzQ2g2JTIwc3R5bGUlM0QlMjJjb2xvciUzQSUyMzEwMzlhOCUyMiUzRVlheiVDNCVCMWwlQzQlQjFtJTNDYnIlM0UlMjBNJUMzJUJDaGVuZGlzbGklQzQlOUZpJTNDJTJGaDYlM0UlMEElMjAlMjAlMjAlMjAlMjAlMjAlMjAlMjAlM0MlMkZ0ZCUzRSUwQSUwOSUzQyUyRnRyJTNFJTBBJTA5JTNDdHIlM0UlMEElMjAlMjAlMjAlMjAlMDklM0N0ZCUyMHN0eWxlJTNEJTIydGV4dC1hbGlnbiUzQWNlbnRlciUyMiUzRSUwQSUyMCUyMCUyMCUyMCUyMCUyMCUyMCUyMCUzQ2ElMjBocmVmJTNEJTIyaHR0cHMlM0ElMkYlMkZ3d3cuaW5zdGFncmFtLmNvbSUyRmtvc3R1bXVoZW5kaXNsaWtmYWt1bHRlc2klMkYlM0ZpZ3NoaWQlM0RZbU15TVRBMk0yWSUyNTNEJTIyJTNFJTBBJTIwJTIwJTIwJTIwJTIwJTIwJTIwJTIwJTNDaW1nJTIwc3JjJTNEJTIyaHR0cHMlM0ElMkYlMkZrb2NhZWxpc2FnbGlrLmVkdS50ciUyRm11aGVuZGlzbGlrJTJGd3AtY29udGVudCUyRnVwbG9hZHMlMkZzaXRlcyUyRjMlMkYyMDIzJTJGMDklMkZJbnN0YWdyYW1fbG9nb18yMDIyLnN2Z18ucG5nJTIyJTIwc3R5bGUlM0QlMjJ3aWR0aCUzQTMwJTNCaGVpZ2h0JTNBMzBweCUzQiUyMiUzRSUzQyUyRmElM0UlMEElMjAlMjAlMjAlMjAlMjAlMjAlMjAlMjAlM0NhJTIwaHJlZiUzRCUyMmh0dHBzJTNBJTJGJTJGd3d3LmxpbmtlZGluLmNvbSUyRmluJTJGa29jYWVsaS1zYSUyNUM0JTI1OUZsJTI1QzQlMjVCMWstdmUtdGVrbm9sb2ppLSUyNUMzJTI1QkNuaXZlcnNpdGVzaS1tJTI1QzMlMjVCQ2hlbmRpc2xpay12ZS1kbyUyNUM0JTI1OUZhLWJpbGltbGVyaS1mYWslMjVDMyUyNUJDbHRlc2ktYjA5OWI2Mjg5JTIyJTNFJTBBJTIwJTIwJTIwJTIwJTIwJTIwJTIwJTIwJTNDaW1nJTIwc3JjJTNEJTIyaHR0cHMlM0ElMkYlMkZrb2NhZWxpc2FnbGlrLmVkdS50ciUyRm11aGVuZGlzbGlrJTJGd3AtY29udGVudCUyRnVwbG9hZHMlMkZzaXRlcyUyRjMlMkYyMDIzJTJGMDklMkZsaW5rZWRpbmxvZ28ucG5nJTIyJTIwc3R5bGUlM0QlMjJ3aWR0aCUzQTMwJTNCaGVpZ2h0JTNBMzBweCUzQiUyMiUzRSUzQyUyRmElM0UlMEElMjAlMjAlMjAlMjAlMjAlMjAlMjAlMjAlM0MlMkZ0ZCUzRSUwQSUyMCUyMCUyMCUyMCUyMCUyMCUyMCUyMCUzQ3RkJTIwc3R5bGUlM0QlMjJ0ZXh0LWFsaWduJTNBY2VudGVyJTIyJTNFJTBBJTIwJTIwJTIwJTIwJTIwJTIwJTIwJTIwJTNDYSUyMGhyZWYlM0QlMjJodHRwcyUzQSUyRiUyRmluc3RhZ3JhbS5jb20lMkZrb3N0dWJpbGdpc2F5YXJtdWhlbmRpc2xpZ2klM0ZpZ3NoaWQlM0ROelpsT0RCa1lXRTROZyUzRCUzRCUyMiUzRSUwQSUyMCUyMCUyMCUyMCUyMCUyMCUyMCUyMCUzQ2ltZyUyMHNyYyUzRCUyMmh0dHBzJTNBJTJGJTJGa29jYWVsaXNhZ2xpay5lZHUudHIlMkZtdWhlbmRpc2xpayUyRndwLWNvbnRlbnQlMkZ1cGxvYWRzJTJGc2l0ZXMlMkYzJTJGMjAyMyUyRjA5JTJGSW5zdGFncmFtX2xvZ29fMjAyMi5zdmdfLnBuZyUyMiUyMHN0eWxlJTNEJTIyd2lkdGglM0EzMCUzQmhlaWdodCUzQTMwcHglM0IlMjIlM0UlM0MlMkZhJTNFJTBBJTIwJTIwJTIwJTIwJTIwJTIwJTIwJTIwJTNDJTJGdGQlM0UlMEElMjAlMjAlMjAlMjAlMjAlMjAlMjAlMjAlM0N0ZCUyMHN0eWxlJTNEJTIydGV4dC1hbGlnbiUzQWNlbnRlciUyMiUzRSUwQSUyMCUyMCUyMCUyMCUyMCUyMCUyMCUyMCUzQ2ElMjBocmVmJTNEJTIyaHR0cHMlM0ElMkYlMkZpbnN0YWdyYW0uY29tJTJGa29zdHV5YXppbGltdWhlbmRpc2xpZ2klM0ZpZ3NoaWQlM0ROelpsT0RCa1lXRTROZyUzRCUzRCUyMiUzRSUwQSUyMCUyMCUyMCUyMCUyMCUyMCUyMCUyMCUzQ2ltZyUyMHNyYyUzRCUyMmh0dHBzJTNBJTJGJTJGa29jYWVsaXNhZ2xpay5lZHUudHIlMkZtdWhlbmRpc2xpayUyRndwLWNvbnRlbnQlMkZ1cGxvYWRzJTJGc2l0ZXMlMkYzJTJGMjAyMyUyRjA5JTJGSW5zdGFncmFtX2xvZ29fMjAyMi5zdmdfLnBuZyUyMiUyMHN0eWxlJTNEJTIyd2lkdGglM0EzMCUzQmhlaWdodCUzQTMwcHglM0IlMjIlM0UlM0MlMkZhJTNFJTBBJTIwJTIwJTIwJTIwJTIwJTIwJTIwJTIwJTNDJTJGdGQlM0UlMEElMjAlMjAlMjAlMjAlM0MlMkZ0ciUzRSUwQSUwOSUzQ3RyJTNFJTBBJTIwJTIwJTIwJTIwJTNDJTJGdHIlM0UlMEElM0MlMkZ0YWJsZSUzRQ==[\/vc_raw_html][\/vc_column][vc_column width=&#8221;1\/3&#8243;]<div class=\"thim-widget-heading\"><div class=\"sc_heading   text-center\"><h3 style=\"color:#023b58;font-size:28px;font-weight:400;\" class=\"title\"><strong>Etkinlikler<\/strong><\/h3><\/div><\/div><div class=\"thim-widget-list-post\"><div class=\"thim-list-post-inner\"><div class=\"thim-grid-posts has-horizontal\"><div class=\"grid-horizontal\">\t\t\t<div class=\"item-post post-11104 post type-post status-publish format-standard has-post-thumbnail hentry category-etkinlikler\">\n\t\t\t\t<div class=\"article-image\"><img loading=\"lazy\" decoding=\"async\" src=\"https:\/\/kocaelisaglik.edu.tr\/muhendislik\/wp-content\/uploads\/sites\/3\/2026\/04\/WhatsApp-Image-2026-04-22-at-11.05.35.jpeg\" alt=\"WhatsApp Image 2026-04-22 at 11.05.35\" title=\"WhatsApp Image 2026-04-22 at 11.05.35\"  width=\"739\" height=\"1600\"><\/div><div class=\"article-wrapper\"><div class=\"date\">22 Nisan 2026<\/div><h5 class=\"title\"><a href=\"https:\/\/kocaelisaglik.edu.tr\/muhendislik\/etkinlikler\/kocaeli-sanayisinde-yesil-ve-dijital-donusum-icin-akademik-katki\/\" class=\"article-title\">Kocaeli Sanayisinde Ye\u015fil ve Dijital D\u00f6n\u00fc\u015f\u00fcm \u0130\u00e7in Akademik Katk\u0131<\/a><\/h5><a class=\"read-more\" href=\"https:\/\/kocaelisaglik.edu.tr\/muhendislik\/etkinlikler\/kocaeli-sanayisinde-yesil-ve-dijital-donusum-icin-akademik-katki\/\" >Daha Fazlas\u0131<i class=\"fa fa-long-arrow-right\"><\/i><\/a><\/div>\t\t\t<\/div>\n\t\t\t\t\t\t<div class=\"item-post post-11087 post type-post status-publish format-standard has-post-thumbnail hentry category-etkinlikler\">\n\t\t\t\t<div class=\"article-image\"><img loading=\"lazy\" decoding=\"async\" src=\"https:\/\/kocaelisaglik.edu.tr\/muhendislik\/wp-content\/uploads\/sites\/3\/2026\/04\/WhatsApp-Image-2026-04-01-at-14.04.43.jpeg\" alt=\"WhatsApp Image 2026-04-01 at 14.04.43\" title=\"WhatsApp Image 2026-04-01 at 14.04.43\"  width=\"849\" height=\"921\"><\/div><div class=\"article-wrapper\"><div class=\"date\">1 Nisan 2026<\/div><h5 class=\"title\"><a href=\"https:\/\/kocaelisaglik.edu.tr\/muhendislik\/etkinlikler\/universitemiz-ile-aile-ve-sosyal-hizmetler-bakanligi-arasinda-is-birligi-gorusmesi\/\" class=\"article-title\">\u00dcniversitemiz ile Aile ve Sosyal Hizmetler Bakanl\u0131\u011f\u0131 Aras\u0131nda \u0130\u015f Birli\u011fi G\u00f6r\u00fc\u015fmesi<\/a><\/h5><a class=\"read-more\" href=\"https:\/\/kocaelisaglik.edu.tr\/muhendislik\/etkinlikler\/universitemiz-ile-aile-ve-sosyal-hizmetler-bakanligi-arasinda-is-birligi-gorusmesi\/\" >Daha Fazlas\u0131<i class=\"fa fa-long-arrow-right\"><\/i><\/a><\/div>\t\t\t<\/div>\n\t\t\t\t\t\t<div class=\"item-post post-11082 post type-post status-publish format-standard has-post-thumbnail hentry category-etkinlikler\">\n\t\t\t\t<div class=\"article-image\"><img loading=\"lazy\" decoding=\"async\" src=\"https:\/\/kocaelisaglik.edu.tr\/muhendislik\/wp-content\/uploads\/sites\/3\/2026\/03\/Servertiye_1.jpg.jpeg\" alt=\"Servertiye_1.jpg\" title=\"Servertiye_1.jpg\"  width=\"1860\" height=\"1021\"><\/div><div class=\"article-wrapper\"><div class=\"date\">27 Mart 2026<\/div><h5 class=\"title\"><a href=\"https:\/\/kocaelisaglik.edu.tr\/muhendislik\/etkinlikler\/dijital-vatandaslik-firsatlar-ve-tehditler-semineri-gerceklestirildi\/\" class=\"article-title\">Dijital Vatanda\u015fl\u0131k : F\u0131rsatlar ve Tehditler Semineri Ger\u00e7ekle\u015ftirildi<\/a><\/h5><a class=\"read-more\" href=\"https:\/\/kocaelisaglik.edu.tr\/muhendislik\/etkinlikler\/dijital-vatandaslik-firsatlar-ve-tehditler-semineri-gerceklestirildi\/\" >Daha Fazlas\u0131<i class=\"fa fa-long-arrow-right\"><\/i><\/a><\/div>\t\t\t<\/div>\n\t\t\t<\/div><\/div><\/div><\/div><div class=\"show-more-button\"><div class=\"thim-widget-button\"><a class=\"widget-button very-rounded no-border medium custom_style\" href=\"\/muhendislik\/etkinlikler\/\" style=\"font-size: 16px;font-weight: 400;color: #ffffff;background-color: #17a84b;\" data-hover=\"font-size: 16px;font-weight: 400;color: #ffffff;background-color: #0d8137;\">Daha Fazla<\/a><\/div><\/div>[\/vc_column][\/vc_row]<\/p>\n<\/div>","protected":false},"excerpt":{"rendered":"<p>[vc_row full_width=&#8221;stretch_row_content_no_spaces&#8221; css=&#8221;.vc_custom_1607294937915{margin-top: -60px !important;margin-bottom: 0px !important;background-position: center !important;background-repeat: no-repeat !important;background-size: cover !important;}&#8221;][vc_column][rev_slider_vc alias=&#8221;home-university&#8221;][\/vc_column][\/vc_row][vc_row el_class=&#8221;fs-flex-row&#8221;][vc_column width=&#8221;1\/3&#8243;][\/vc_column][vc_column width=&#8221;1\/3&#8243;][vc_single_image image=&#8221;6957&#8243; img_size=&#8221;full&#8221; alignment=&#8221;center&#8221;][vc_raw_html]JTNDc3R5bGUlM0UlMEF0aCUyQyUyMHRkJTIwJTdCJTBBJTIwJTIwcGFkZGluZy1sZWZ0JTNBJTIwMTBweCUzQiUwQSUyMCUyMHBhZGRpbmctcmlnaHQlM0ElMjAxMHB4JTNCJTBBJTIwJTIwYm9yZGVyLXN0eWxlJTNBJTIwaGlkZGVuJTNCJTBBJTdEJTBBdGFibGUlMjAlN0Jib3JkZXItc3R5bGUlM0ElMjBoaWRkZW4lM0IlN0QlMEElM0MlMkZzdHlsZSUzRSUwQSUwQSUzQ3RhYmxlJTIwc3R5bGUlM0QlMjJ3aWR0aCUzQSUyNTEwMCUyMiUzRSUwQSUyMCUyMCUyMCUyMCUzQ3RyJTNFJTBBJTIwJTIwJTIwJTIwJTA5JTNDdGQlMjBzdHlsZSUzRCUyMnRleHQtYWxpZ24lM0FjZW50ZXIlMjIlMjBjb2xzcGFuJTNEMyUzRSUwQSUyMCUyMCUyMCUyMCUyMCUyMCUyMCUyMCUzQ2g0JTIwc3R5bGUlM0QlMjJjb2xvciUzQSUyMzEwMzlhOCUyMiUzRVNvc3lhbCUyME1lZHlhZGElMjBCaXppJTIwVGFraXAlMjBFZGluJTNDJTJGaDQlM0UlMEElMjAlMjAlMjAlMjAlMjAlMjAlMjAlMjAlM0MlMkZ0ZCUzRSUwQSUyMCUyMCUyMCUyMCUzQyUyRnRyJTNFJTBBJTA5JTNDdHIlM0UlMEElMjAlMjAlMjAlMjAlMDklM0N0ZCUyMHN0eWxlJTNEJTIydGV4dC1hbGlnbiUzQWNlbnRlciUyMiUzRSUwQSUyMCUyMCUyMCUyMCUyMCUyMCUyMCUyMCUzQ2g2JTIwc3R5bGUlM0QlMjJjb2xvciUzQSUyMzEwMzlhOCUyMiUzRU0lQzMlQkNoZW5kaXNsaWslM0NiciUzRSUyMEZhayVDMyVCQ2x0ZXNpJTNDJTJGaDYlM0UlMEElMjAlMjAlMjAlMjAlMjAlMjAlMjAlMjAlM0MlMkZ0ZCUzRSUwQSUyMCUyMCUyMCUyMCUyMCUyMCUyMCUyMCUzQ3RkJTIwc3R5bGUlM0QlMjJ0ZXh0LWFsaWduJTNBY2VudGVyJTIyJTNFJTBBJTIwJTIwJTIwJTIwJTIwJTIwJTIwJTIwJTNDaDYlMjBzdHlsZSUzRCUyMmNvbG9yJTNBJTIzMTAzOWE4JTIyJTNFQmlsZ2lzYXlhciUzQ2JyJTNFJTIwTSVDMyVCQ2hlbmRpc2xpJUM0JTlGaSUzQyUyRmg2JTNFJTBBJTIwJTIwJTIwJTIwJTIwJTIwJTIwJTIwJTNDJTJGdGQlM0UlMEElMjAlMjAlMjAlMjAlMjAlMjAlMjAlMjAlM0N0ZCUyMHN0eWxlJTNEJTIydGV4dC1hbGlnbiUzQWNlbnRlciUyMiUzRSUwQSUyMCUyMCUyMCUyMCUyMCUyMCUyMCUyMCUzQ2g2JTIwc3R5bGUlM0QlMjJjb2xvciUzQSUyMzEwMzlhOCUyMiUzRVlheiVDNCVCMWwlQzQlQjFtJTNDYnIlM0UlMjBNJUMzJUJDaGVuZGlzbGklQzQlOUZpJTNDJTJGaDYlM0UlMEElMjAlMjAlMjAlMjAlMjAlMjAlMjAlMjAlM0MlMkZ0ZCUzRSUwQSUwOSUzQyUyRnRyJTNFJTBBJTA5JTNDdHIlM0UlMEElMjAlMjAlMjAlMjAlMDklM0N0ZCUyMHN0eWxlJTNEJTIydGV4dC1hbGlnbiUzQWNlbnRlciUyMiUzRSUwQSUyMCUyMCUyMCUyMCUyMCUyMCUyMCUyMCUzQ2ElMjBocmVmJTNEJTIyaHR0cHMlM0ElMkYlMkZ3d3cuaW5zdGFncmFtLmNvbSUyRmtvc3R1bXVoZW5kaXNsaWtmYWt1bHRlc2klMkYlM0ZpZ3NoaWQlM0RZbU15TVRBMk0yWSUyNTNEJTIyJTNFJTBBJTIwJTIwJTIwJTIwJTIwJTIwJTIwJTIwJTNDaW1nJTIwc3JjJTNEJTIyaHR0cHMlM0ElMkYlMkZrb2NhZWxpc2FnbGlrLmVkdS50ciUyRm11aGVuZGlzbGlrJTJGd3AtY29udGVudCUyRnVwbG9hZHMlMkZzaXRlcyUyRjMlMkYyMDIzJTJGMDklMkZJbnN0YWdyYW1fbG9nb18yMDIyLnN2Z18ucG5nJTIyJTIwc3R5bGUlM0QlMjJ3aWR0aCUzQTMwJTNCaGVpZ2h0JTNBMzBweCUzQiUyMiUzRSUzQyUyRmElM0UlMEElMjAlMjAlMjAlMjAlMjAlMjAlMjAlMjAlM0NhJTIwaHJlZiUzRCUyMmh0dHBzJTNBJTJGJTJGd3d3LmxpbmtlZGluLmNvbSUyRmluJTJGa29jYWVsaS1zYSUyNUM0JTI1OUZsJTI1QzQlMjVCMWstdmUtdGVrbm9sb2ppLSUyNUMzJTI1QkNuaXZlcnNpdGVzaS1tJTI1QzMlMjVCQ2hlbmRpc2xpay12ZS1kbyUyNUM0JTI1OUZhLWJpbGltbGVyaS1mYWslMjVDMyUyNUJDbHRlc2ktYjA5OWI2Mjg5JTIyJTNFJTBBJTIwJTIwJTIwJTIwJTIwJTIwJTIwJTIwJTNDaW1nJTIwc3JjJTNEJTIyaHR0cHMlM0ElMkYlMkZrb2NhZWxpc2FnbGlrLmVkdS50ciUyRm11aGVuZGlzbGlrJTJGd3AtY29udGVudCUyRnVwbG9hZHMlMkZzaXRlcyUyRjMlMkYyMDIzJTJGMDklMkZsaW5rZWRpbmxvZ28ucG5nJTIyJTIwc3R5bGUlM0QlMjJ3aWR0aCUzQTMwJTNCaGVpZ2h0JTNBMzBweCUzQiUyMiUzRSUzQyUyRmElM0UlMEElMjAlMjAlMjAlMjAlMjAlMjAlMjAlMjAlM0MlMkZ0ZCUzRSUwQSUyMCUyMCUyMCUyMCUyMCUyMCUyMCUyMCUzQ3RkJTIwc3R5bGUlM0QlMjJ0ZXh0LWFsaWduJTNBY2VudGVyJTIyJTNFJTBBJTIwJTIwJTIwJTIwJTIwJTIwJTIwJTIwJTNDYSUyMGhyZWYlM0QlMjJodHRwcyUzQSUyRiUyRmluc3RhZ3JhbS5jb20lMkZrb3N0dWJpbGdpc2F5YXJtdWhlbmRpc2xpZ2klM0ZpZ3NoaWQlM0ROelpsT0RCa1lXRTROZyUzRCUzRCUyMiUzRSUwQSUyMCUyMCUyMCUyMCUyMCUyMCUyMCUyMCUzQ2ltZyUyMHNyYyUzRCUyMmh0dHBzJTNBJTJGJTJGa29jYWVsaXNhZ2xpay5lZHUudHIlMkZtdWhlbmRpc2xpayUyRndwLWNvbnRlbnQlMkZ1cGxvYWRzJTJGc2l0ZXMlMkYzJTJGMjAyMyUyRjA5JTJGSW5zdGFncmFtX2xvZ29fMjAyMi5zdmdfLnBuZyUyMiUyMHN0eWxlJTNEJTIyd2lkdGglM0EzMCUzQmhlaWdodCUzQTMwcHglM0IlMjIlM0UlM0MlMkZhJTNFJTBBJTIwJTIwJTIwJTIwJTIwJTIwJTIwJTIwJTNDJTJGdGQlM0UlMEElMjAlMjAlMjAlMjAlMjAlMjAlMjAlMjAlM0N0ZCUyMHN0eWxlJTNEJTIydGV4dC1hbGlnbiUzQWNlbnRlciUyMiUzRSUwQSUyMCUyMCUyMCUyMCUyMCUyMCUyMCUyMCUzQ2ElMjBocmVmJTNEJTIyaHR0cHMlM0ElMkYlMkZpbnN0YWdyYW0uY29tJTJGa29zdHV5YXppbGltdWhlbmRpc2xpZ2klM0ZpZ3NoaWQlM0ROelpsT0RCa1lXRTROZyUzRCUzRCUyMiUzRSUwQSUyMCUyMCUyMCUyMCUyMCUyMCUyMCUyMCUzQ2ltZyUyMHNyYyUzRCUyMmh0dHBzJTNBJTJGJTJGa29jYWVsaXNhZ2xpay5lZHUudHIlMkZtdWhlbmRpc2xpayUyRndwLWNvbnRlbnQlMkZ1cGxvYWRzJTJGc2l0ZXMlMkYzJTJGMjAyMyUyRjA5JTJGSW5zdGFncmFtX2xvZ29fMjAyMi5zdmdfLnBuZyUyMiUyMHN0eWxlJTNEJTIyd2lkdGglM0EzMCUzQmhlaWdodCUzQTMwcHglM0IlMjIlM0UlM0MlMkZhJTNFJTBBJTIwJTIwJTIwJTIwJTIwJTIwJTIwJTIwJTNDJTJGdGQlM0UlMEElMjAlMjAlMjAlMjAlM0MlMkZ0ciUzRSUwQSUwOSUzQ3RyJTNFJTBBJTIwJTIwJTIwJTIwJTNDJTJGdHIlM0UlMEElM0MlMkZ0YWJsZSUzRQ==[\/vc_raw_html][\/vc_column][vc_column width=&#8221;1\/3&#8243;][\/vc_column][\/vc_row]<\/p>\n","protected":false},"author":11,"featured_media":0,"parent":0,"menu_order":0,"comment_status":"closed","ping_status":"closed","template":"page-templates\/homepage.php","meta":{"footnotes":""},"_links":{"self":[{"href":"https:\/\/kocaelisaglik.edu.tr\/muhendislik\/wp-json\/wp\/v2\/pages\/6956"}],"collection":[{"href":"https:\/\/kocaelisaglik.edu.tr\/muhendislik\/wp-json\/wp\/v2\/pages"}],"about":[{"href":"https:\/\/kocaelisaglik.edu.tr\/muhendislik\/wp-json\/wp\/v2\/types\/page"}],"author":[{"embeddable":true,"href":"https:\/\/kocaelisaglik.edu.tr\/muhendislik\/wp-json\/wp\/v2\/users\/11"}],"replies":[{"embeddable":true,"href":"https:\/\/kocaelisaglik.edu.tr\/muhendislik\/wp-json\/wp\/v2\/comments?post=6956"}],"version-history":[{"count":21,"href":"https:\/\/kocaelisaglik.edu.tr\/muhendislik\/wp-json\/wp\/v2\/pages\/6956\/revisions"}],"predecessor-version":[{"id":8812,"href":"https:\/\/kocaelisaglik.edu.tr\/muhendislik\/wp-json\/wp\/v2\/pages\/6956\/revisions\/8812"}],"wp:attachment":[{"href":"https:\/\/kocaelisaglik.edu.tr\/muhendislik\/wp-json\/wp\/v2\/media?parent=6956"}],"curies":[{"name":"wp","href":"https:\/\/api.w.org\/{rel}","templated":true}]}}