{"id":7536,"date":"2023-03-29T14:32:31","date_gmt":"2023-03-29T11:32:31","guid":{"rendered":"https:\/\/kocaelisaglik.edu.tr\/eczacilik\/?page_id=7536"},"modified":"2026-03-30T11:56:19","modified_gmt":"2026-03-30T08:56:19","slug":"dekanlik","status":"publish","type":"page","link":"https:\/\/kocaelisaglik.edu.tr\/eczacilik\/dekanlik\/","title":{"rendered":"Dekanl\u0131k"},"content":{"rendered":"<div class=\"wpb-content-wrapper\"><p>[vc_row][vc_column width=&#8221;1\/3&#8243;][vc_single_image image=&#8221;7808&#8243; img_size=&#8221;medium&#8221; alignment=&#8221;center&#8221;][\/vc_column][vc_column width=&#8221;2\/3&#8243;][vc_column_text]<strong>Prof. Dr. G\u00f6n\u00fcl \u015eAH\u0130N<\/strong><\/p>\n<p>Dekan<\/p>\n<p><a href=\"mailto:gonul.sahin@kocaelisaglik.edu.tr\">gonul.sahin@kocaelisaglik.edu.tr<\/a>[\/vc_column_text][\/vc_column][\/vc_row][vc_row][vc_column width=&#8221;1\/3&#8243;][vc_single_image image=&#8221;7904&#8243; img_size=&#8221;medium&#8221; alignment=&#8221;center&#8221;][\/vc_column][vc_column width=&#8221;2\/3&#8243;][vc_column_text]<strong>Prof. Dr. Hasan YUSUFO\u011eLU<\/strong><\/p>\n<p>Dekan Yard\u0131mc\u0131s\u0131<\/p>\n<p><a href=\"mailto:hasan.yusufoglu@kocaelisaglik.edu.tr\">hasan.yusufoglu@kocaelisaglik.edu.tr<\/a>[\/vc_column_text][\/vc_column][\/vc_row][vc_row][vc_column width=&#8221;1\/3&#8243;][vc_single_image image=&#8221;8329&#8243; img_size=&#8221;medium&#8221; alignment=&#8221;center&#8221;][\/vc_column][vc_column width=&#8221;2\/3&#8243;][vc_column_text]<strong>Dr. \u00d6\u011fr. \u00dcyesi\u00a0 M\u00fcnteha \u00d6ZSOY<\/strong><\/p>\n<p>Dekan Yard\u0131mc\u0131s\u0131<\/p>\n<p><a href=\"mailto:munteha.ozsoy@kocaelisaglik.edu.tr\">munteha.ozsoy@kocaelisaglik.edu.tr<\/a>[\/vc_column_text][\/vc_column][\/vc_row][vc_row][vc_column width=&#8221;1\/3&#8243;][vc_single_image image=&#8221;8186&#8243; img_size=&#8221;medium&#8221; alignment=&#8221;center&#8221;][\/vc_column][vc_column width=&#8221;2\/3&#8243;][vc_column_text]<strong>Seval TURAN<\/strong><\/p>\n<p>Fak\u00fclte Sektereti V.<\/p>\n<p><a href=\"mailto:seval.turan@kocaelisaglik.edu.tr\">seval.turan@kocaelisaglik.edu.tr<\/a>[\/vc_column_text][\/vc_column][\/vc_row]<\/p>\n<\/div>","protected":false},"excerpt":{"rendered":"<p>[vc_row][vc_column width=&#8221;1\/3&#8243;][vc_single_image image=&#8221;7808&#8243; img_size=&#8221;medium&#8221; alignment=&#8221;center&#8221;][\/vc_column][vc_column width=&#8221;2\/3&#8243;][vc_column_text]Prof. Dr. G\u00f6n\u00fcl \u015eAH\u0130N Dekan gonul.sahin@kocaelisaglik.edu.tr[\/vc_column_text][\/vc_column][\/vc_row][vc_row][vc_column width=&#8221;1\/3&#8243;][vc_single_image image=&#8221;7904&#8243; img_size=&#8221;medium&#8221; alignment=&#8221;center&#8221;][\/vc_column][vc_column width=&#8221;2\/3&#8243;][vc_column_text]Prof. Dr. Hasan YUSUFO\u011eLU Dekan Yard\u0131mc\u0131s\u0131 hasan.yusufoglu@kocaelisaglik.edu.tr[\/vc_column_text][\/vc_column][\/vc_row][vc_row][vc_column width=&#8221;1\/3&#8243;][vc_single_image image=&#8221;8329&#8243; img_size=&#8221;medium&#8221; alignment=&#8221;center&#8221;][\/vc_column][vc_column width=&#8221;2\/3&#8243;][vc_column_text]Dr. \u00d6\u011fr. \u00dcyesi\u00a0 M\u00fcnteha \u00d6ZSOY Dekan Yard\u0131mc\u0131s\u0131 munteha.ozsoy@kocaelisaglik.edu.tr[\/vc_column_text][\/vc_column][\/vc_row][vc_row][vc_column width=&#8221;1\/3&#8243;][vc_single_image image=&#8221;8186&#8243; img_size=&#8221;medium&#8221; alignment=&#8221;center&#8221;][\/vc_column][vc_column width=&#8221;2\/3&#8243;][vc_column_text]Seval TURAN &hellip; <\/p>\n","protected":false},"author":12,"featured_media":0,"parent":0,"menu_order":0,"comment_status":"closed","ping_status":"closed","template":"","meta":{"footnotes":""},"_links":{"self":[{"href":"https:\/\/kocaelisaglik.edu.tr\/eczacilik\/wp-json\/wp\/v2\/pages\/7536"}],"collection":[{"href":"https:\/\/kocaelisaglik.edu.tr\/eczacilik\/wp-json\/wp\/v2\/pages"}],"about":[{"href":"https:\/\/kocaelisaglik.edu.tr\/eczacilik\/wp-json\/wp\/v2\/types\/page"}],"author":[{"embeddable":true,"href":"https:\/\/kocaelisaglik.edu.tr\/eczacilik\/wp-json\/wp\/v2\/users\/12"}],"replies":[{"embeddable":true,"href":"https:\/\/kocaelisaglik.edu.tr\/eczacilik\/wp-json\/wp\/v2\/comments?post=7536"}],"version-history":[{"count":12,"href":"https:\/\/kocaelisaglik.edu.tr\/eczacilik\/wp-json\/wp\/v2\/pages\/7536\/revisions"}],"predecessor-version":[{"id":8331,"href":"https:\/\/kocaelisaglik.edu.tr\/eczacilik\/wp-json\/wp\/v2\/pages\/7536\/revisions\/8331"}],"wp:attachment":[{"href":"https:\/\/kocaelisaglik.edu.tr\/eczacilik\/wp-json\/wp\/v2\/media?parent=7536"}],"curies":[{"name":"wp","href":"https:\/\/api.w.org\/{rel}","templated":true}]}}