{"id":6948,"date":"2020-12-06T23:40:33","date_gmt":"2020-12-06T20:40:33","guid":{"rendered":"https:\/\/kocaelisaglik.edu.tr\/dishekimligi\/?page_id=6902"},"modified":"2021-12-31T14:51:23","modified_gmt":"2021-12-31T11:51:23","slug":"ders-programi","status":"publish","type":"page","link":"https:\/\/kocaelisaglik.edu.tr\/eczacilik\/ders-programi\/","title":{"rendered":"Ders Program\u0131"},"content":{"rendered":"<p>Eczac\u0131l\u0131k Fak\u00fcltesi Ders Program\u0131<\/p>\n","protected":false},"excerpt":{"rendered":"<p>Eczac\u0131l\u0131k Fak\u00fcltesi Ders Program\u0131<\/p>\n","protected":false},"author":2,"featured_media":0,"parent":0,"menu_order":0,"comment_status":"closed","ping_status":"closed","template":"","meta":{"footnotes":""},"_links":{"self":[{"href":"https:\/\/kocaelisaglik.edu.tr\/eczacilik\/wp-json\/wp\/v2\/pages\/6948"}],"collection":[{"href":"https:\/\/kocaelisaglik.edu.tr\/eczacilik\/wp-json\/wp\/v2\/pages"}],"about":[{"href":"https:\/\/kocaelisaglik.edu.tr\/eczacilik\/wp-json\/wp\/v2\/types\/page"}],"author":[{"embeddable":true,"href":"https:\/\/kocaelisaglik.edu.tr\/eczacilik\/wp-json\/wp\/v2\/users\/2"}],"replies":[{"embeddable":true,"href":"https:\/\/kocaelisaglik.edu.tr\/eczacilik\/wp-json\/wp\/v2\/comments?post=6948"}],"version-history":[{"count":1,"href":"https:\/\/kocaelisaglik.edu.tr\/eczacilik\/wp-json\/wp\/v2\/pages\/6948\/revisions"}],"predecessor-version":[{"id":7143,"href":"https:\/\/kocaelisaglik.edu.tr\/eczacilik\/wp-json\/wp\/v2\/pages\/6948\/revisions\/7143"}],"wp:attachment":[{"href":"https:\/\/kocaelisaglik.edu.tr\/eczacilik\/wp-json\/wp\/v2\/media?parent=6948"}],"curies":[{"name":"wp","href":"https:\/\/api.w.org\/{rel}","templated":true}]}}