{"id":6946,"date":"2020-12-06T23:38:23","date_gmt":"2020-12-06T20:38:23","guid":{"rendered":"https:\/\/kocaelisaglik.edu.tr\/dishekimligi\/?page_id=6898"},"modified":"2024-09-20T16:11:53","modified_gmt":"2024-09-20T13:11:53","slug":"dekanin-mesaji","status":"publish","type":"page","link":"https:\/\/kocaelisaglik.edu.tr\/eczacilik\/dekanin-mesaji\/","title":{"rendered":"Dekan\u0131n Mesaj\u0131"},"content":{"rendered":"<div class=\"wpb-content-wrapper\"><p>[vc_row][vc_column width=&#8221;1\/2&#8243;][vc_single_image image=&#8221;7808&#8243; img_size=&#8221;full&#8221; alignment=&#8221;center&#8221; style=&#8221;vc_box_outline&#8221;][\/vc_column][vc_column width=&#8221;1\/2&#8243;][vc_column_text]Sevgili \u00d6\u011frenciler,<\/p>\n<p style=\"text-align: left;\">Eczac\u0131lar sa\u011fl\u0131k alan\u0131n\u0131n \u00f6nemli ve vazge\u00e7ilmez unsurlar\u0131ndan birisini olu\u015ftururlar. Eczac\u0131, ila\u00e7<br \/>\nmolek\u00fcl\u00fcn\u00fcn dizayn\u0131ndan sentezine, analizine ila\u00e7 haline getirilmesine, hastaya verilmesine<br \/>\nve v\u00fccuttaki davran\u0131\u015flar\u0131n\u0131n incelenmesine kadar olan t\u00fcm safhalarla ilgilidir. \u0130lac\u0131n tedavide<br \/>\nkullan\u0131lmas\u0131 safhas\u0131nda hekimin ve hastan\u0131n en yak\u0131n dan\u0131\u015fman\u0131 durumundad\u0131r.<br \/>\nKocaeli Sa\u011fl\u0131k ve Teknoloji \u00dcniversitesi Eczac\u0131l\u0131k Fak\u00fcltesinin e\u011fitim-\u00f6\u011fretim m\u00fcfredat\u0131n\u0131n<br \/>\nEczac\u0131l\u0131k \u00c7ekirdek E\u011fitim Program\u0131n\u0131n gereklerini yerine getirmek yan\u0131nda, i\u00e7 ve d\u0131\u015f<br \/>\npayda\u015flar\u0131m\u0131z\u0131n katk\u0131lar\u0131yla ortak olarak geli\u015ftirilen programlar yard\u0131m\u0131yla \u00f6\u011frencilerimizin<br \/>\nmesle\u011fe en iyi bir \u015fekilde haz\u0131rlanmalar\u0131 sa\u011flanacakt\u0131r. \u00d6\u011frencilerimize Fak\u00fcltemizin<br \/>\nlaboratuvar imkanlar\u0131 a\u00e7\u0131larak \u00d6\u011fretim Elemanlar\u0131m\u0131z\u0131n g\u00f6zetiminde geli\u015ftirilecek projelerle<br \/>\nbilimsel \u00e7al\u0131\u015fmalara \u00f6zendirileceklerdir.<br \/>\n\u0130la\u00e7, ekonomik olarak stratejik bir \u00f6neme sahiptir. Fak\u00fcltemiz bu durumu g\u00f6z \u00f6n\u00fcne alarak,<br \/>\nyak\u0131n bir payda\u015f olarak g\u00f6rd\u00fc\u011f\u00fc ila\u00e7 sanayisi ile yak\u0131n ili\u015fki ve i\u015f birli\u011fi kurarak \u00f6\u011frencilerimizi<br \/>\nklasik eczac\u0131l\u0131k e\u011fitimi yan\u0131 s\u0131ra sanayi eczac\u0131l\u0131\u011f\u0131na y\u00f6nlendirerek, eczac\u0131lar\u0131n en az istihdam<br \/>\nedildikleri bu alana y\u00f6nlendirilmelerini ama\u00e7lamaktad\u0131r. Fak\u00fcltemizin bulundu\u011fu b\u00f6lgenin<br \/>\nbuna \u00e7ok yatk\u0131n oldu\u011fu g\u00f6r\u00fclmektedir.<br \/>\n\u00d6\u011frencilerimizi alan\u0131nda yetkin \u00f6\u011fretim elemanlar\u0131yla en iyi \u015fekilde yeti\u015ftirerek eczac\u0131l\u0131k<br \/>\nsekt\u00f6r\u00fcne haz\u0131rlayaca\u011f\u0131m\u0131z konusundaki inanc\u0131m\u0131z tamd\u0131r.<\/p>\n<p>&nbsp;<\/p>\n<p><strong>Prof. Dr. G\u00f6n\u00fcl \u015eAH\u0130N<\/strong><\/p>\n<p>Eczac\u0131l\u0131k Fak\u00fcltesi Dekan\u0131[\/vc_column_text][\/vc_column][\/vc_row]<\/p>\n<\/div>","protected":false},"excerpt":{"rendered":"<p>[vc_row][vc_column width=&#8221;1\/2&#8243;][vc_single_image image=&#8221;7808&#8243; img_size=&#8221;full&#8221; alignment=&#8221;center&#8221; style=&#8221;vc_box_outline&#8221;][\/vc_column][vc_column width=&#8221;1\/2&#8243;][vc_column_text]Sevgili \u00d6\u011frenciler, Eczac\u0131lar sa\u011fl\u0131k alan\u0131n\u0131n \u00f6nemli ve vazge\u00e7ilmez unsurlar\u0131ndan birisini olu\u015ftururlar. Eczac\u0131, ila\u00e7 molek\u00fcl\u00fcn\u00fcn dizayn\u0131ndan sentezine, analizine ila\u00e7 haline getirilmesine, hastaya verilmesine ve v\u00fccuttaki davran\u0131\u015flar\u0131n\u0131n incelenmesine kadar olan t\u00fcm safhalarla ilgilidir. \u0130lac\u0131n tedavide kullan\u0131lmas\u0131 &hellip; <\/p>\n","protected":false},"author":11,"featured_media":0,"parent":0,"menu_order":0,"comment_status":"closed","ping_status":"closed","template":"","meta":{"footnotes":""},"_links":{"self":[{"href":"https:\/\/kocaelisaglik.edu.tr\/eczacilik\/wp-json\/wp\/v2\/pages\/6946"}],"collection":[{"href":"https:\/\/kocaelisaglik.edu.tr\/eczacilik\/wp-json\/wp\/v2\/pages"}],"about":[{"href":"https:\/\/kocaelisaglik.edu.tr\/eczacilik\/wp-json\/wp\/v2\/types\/page"}],"author":[{"embeddable":true,"href":"https:\/\/kocaelisaglik.edu.tr\/eczacilik\/wp-json\/wp\/v2\/users\/11"}],"replies":[{"embeddable":true,"href":"https:\/\/kocaelisaglik.edu.tr\/eczacilik\/wp-json\/wp\/v2\/comments?post=6946"}],"version-history":[{"count":7,"href":"https:\/\/kocaelisaglik.edu.tr\/eczacilik\/wp-json\/wp\/v2\/pages\/6946\/revisions"}],"predecessor-version":[{"id":7814,"href":"https:\/\/kocaelisaglik.edu.tr\/eczacilik\/wp-json\/wp\/v2\/pages\/6946\/revisions\/7814"}],"wp:attachment":[{"href":"https:\/\/kocaelisaglik.edu.tr\/eczacilik\/wp-json\/wp\/v2\/media?parent=6946"}],"curies":[{"name":"wp","href":"https:\/\/api.w.org\/{rel}","templated":true}]}}