{"id":8536,"date":"2023-05-23T12:21:02","date_gmt":"2023-05-23T09:21:02","guid":{"rendered":"https:\/\/kocaelisaglik.edu.tr\/dishekimligi\/?page_id=8536"},"modified":"2023-05-26T15:23:27","modified_gmt":"2023-05-26T12:23:27","slug":"dilekce-ve-formlar","status":"publish","type":"page","link":"https:\/\/kocaelisaglik.edu.tr\/dishekimligi\/dilekce-ve-formlar\/","title":{"rendered":"Dilek\u00e7e ve Formlar"},"content":{"rendered":"<div class=\"wpb-content-wrapper\"><p>[vc_row][vc_column width=&#8221;1\/3&#8243;][vc_message message_box_color=&#8221;success&#8221;]<a href=\"https:\/\/docs.google.com\/forms\/d\/1X4k3jAY8RSLyLX1oEnUYkzy5cvEEMXJI1e9QMX9jEtI\/edit\">Adres Bilgisi G\u00fcncelleme Formu<\/a>[\/vc_message][\/vc_column][vc_column width=&#8221;1\/3&#8243;][vc_message message_box_color=&#8221;success&#8221;]<a href=\"https:\/\/docs.google.com\/forms\/d\/1dAsydNzY5Q17XMLLY3m48jxXfmUjcrLo71MAk8jz7BU\/edit\">Alttan Ders Alma Dilek\u00e7esi<\/a>[\/vc_message][\/vc_column][vc_column width=&#8221;1\/3&#8243;][vc_message message_box_color=&#8221;success&#8221;]<a href=\"https:\/\/docs.google.com\/forms\/d\/1QHo4JHZns8HQyJOtPVkpDnX6TkusD_DswdEvOM1r5i0\/edit\">\u00c7ap Ba\u015fvuru Formu<\/a>[\/vc_message][\/vc_column][\/vc_row][vc_row][vc_column width=&#8221;1\/3&#8243;][vc_message message_box_color=&#8221;success&#8221;]<a href=\"https:\/\/docs.google.com\/forms\/d\/1C4pAdyM3bgTmmecY19G2UTTUuMyUT_237M71KJNrtOA\/edit\">Ders Muafiyeti Formu<\/a>[\/vc_message][\/vc_column][vc_column width=&#8221;1\/3&#8243;][vc_message message_box_color=&#8221;success&#8221;]<a href=\"https:\/\/docs.google.com\/forms\/d\/1iD4JiG2oaDGEwWVTu5IeM352_aPskdBXGUM-2K66Wp4\/edit\">Ge\u00e7ici Mezuniyet Belgesi Talep Formu<\/a>[\/vc_message][\/vc_column][vc_column width=&#8221;1\/3&#8243;][vc_message message_box_color=&#8221;success&#8221;]<a href=\"https:\/\/docs.google.com\/forms\/d\/1NgKQCAoJJ-2KnGpQ1bHqY-x-wrCxSFaoXgAJgjbi-DY\/edit\">Kay\u0131t Dondurma Dilek\u00e7esi<\/a>[\/vc_message][\/vc_column][\/vc_row][vc_row][vc_column width=&#8221;1\/3&#8243;][vc_message message_box_color=&#8221;success&#8221;]<a href=\"https:\/\/docs.google.com\/forms\/d\/1GWFD_3umx2oSA6d5y8tOvt2bIFepnyJb0eKpCLpErD4\/edit\">Kay\u0131t Sildirme Dilek\u00e7esi<\/a>[\/vc_message][\/vc_column][vc_column width=&#8221;1\/3&#8243;][vc_message message_box_color=&#8221;success&#8221;]<a href=\"https:\/\/docs.google.com\/forms\/d\/1egVXo_aU_fj5DXsQHuLpuQu6Q7U9CNA0gvtd9A4Ob5o\/edit\">Kurum \u0130\u00e7i Ba\u015far\u0131ya Dayal\u0131 Yatay Ge\u00e7i\u015f Formu<\/a>[\/vc_message][\/vc_column][vc_column width=&#8221;1\/3&#8243;][vc_message message_box_color=&#8221;success&#8221;]<a href=\"https:\/\/docs.google.com\/forms\/d\/1eVRoUFx4wKdDKVZMKs0PsDPRLsqWuxicadnUHwNHjmc\/edit\">Kurum D\u0131\u015f\u0131 Ba\u015far\u0131ya Dayal\u0131 Yatay Ge\u00e7i\u015f Formu<\/a>[\/vc_message][\/vc_column][\/vc_row][vc_row][vc_column width=&#8221;1\/3&#8243;][vc_message message_box_color=&#8221;success&#8221;]<a href=\"https:\/\/docs.google.com\/forms\/d\/1VtvdB8qkaU2A05FLs840O1bQU_UX1bTIRPQgQI4lOMg\/edit\">Mazeret Formu<\/a>[\/vc_message][\/vc_column][vc_column width=&#8221;1\/3&#8243;][vc_message message_box_color=&#8221;success&#8221;]<a href=\"https:\/\/docs.google.com\/forms\/d\/1a48LeVJG3fnzQYFwcZcROYJz2nTODlkQNgh-5jGvbYE\/edit\">Merkezi Yerle\u015ftirme Puan\u0131na G\u00f6re Yatay Ge\u00e7i\u015f Formu<\/a>[\/vc_message][\/vc_column][vc_column width=&#8221;1\/3&#8243;][vc_message message_box_color=&#8221;success&#8221;]<a href=\"https:\/\/docs.google.com\/forms\/d\/1NodbkPwvMcq177SwzD2EDZB-QMyInZ9iKelsoeBXPCs\/edit\">Taahh\u00fctname<\/a>[\/vc_message][\/vc_column][\/vc_row][vc_row][vc_column width=&#8221;1\/2&#8243;][vc_message message_box_color=&#8221;success&#8221;]<a href=\"https:\/\/docs.google.com\/forms\/d\/1yf1uMbghwE9fnLg390mtZEDhKbVDT6Qx9KbHFk5hI88\/edit\">Yaz Okulu Ba\u015fvuru Dilek\u00e7esi<\/a>[\/vc_message][\/vc_column][vc_column width=&#8221;1\/2&#8243;][vc_message message_box_color=&#8221;success&#8221;]<a href=\"https:\/\/docs.google.com\/forms\/d\/1xTOgBgzudw_A92HQgL1W4XT-Se0MsIc5K8QqHt7QcXg\/edit\">Tek Ders Dilek\u00e7esi<\/a>[\/vc_message][\/vc_column][\/vc_row]<\/p>\n<\/div>","protected":false},"excerpt":{"rendered":"<p>[vc_row][vc_column width=&#8221;1\/3&#8243;][vc_message message_box_color=&#8221;success&#8221;]Adres Bilgisi G\u00fcncelleme Formu[\/vc_message][\/vc_column][vc_column width=&#8221;1\/3&#8243;][vc_message message_box_color=&#8221;success&#8221;]Alttan Ders Alma Dilek\u00e7esi[\/vc_message][\/vc_column][vc_column width=&#8221;1\/3&#8243;][vc_message message_box_color=&#8221;success&#8221;]\u00c7ap Ba\u015fvuru Formu[\/vc_message][\/vc_column][\/vc_row][vc_row][vc_column width=&#8221;1\/3&#8243;][vc_message message_box_color=&#8221;success&#8221;]Ders Muafiyeti Formu[\/vc_message][\/vc_column][vc_column width=&#8221;1\/3&#8243;][vc_message message_box_color=&#8221;success&#8221;]Ge\u00e7ici Mezuniyet Belgesi Talep Formu[\/vc_message][\/vc_column][vc_column width=&#8221;1\/3&#8243;][vc_message message_box_color=&#8221;success&#8221;]Kay\u0131t Dondurma Dilek\u00e7esi[\/vc_message][\/vc_column][\/vc_row][vc_row][vc_column width=&#8221;1\/3&#8243;][vc_message message_box_color=&#8221;success&#8221;]Kay\u0131t Sildirme Dilek\u00e7esi[\/vc_message][\/vc_column][vc_column width=&#8221;1\/3&#8243;][vc_message message_box_color=&#8221;success&#8221;]Kurum \u0130\u00e7i Ba\u015far\u0131ya Dayal\u0131 Yatay Ge\u00e7i\u015f &hellip; <\/p>\n","protected":false},"author":12,"featured_media":0,"parent":0,"menu_order":0,"comment_status":"closed","ping_status":"closed","template":"","meta":{"footnotes":""},"_links":{"self":[{"href":"https:\/\/kocaelisaglik.edu.tr\/dishekimligi\/wp-json\/wp\/v2\/pages\/8536"}],"collection":[{"href":"https:\/\/kocaelisaglik.edu.tr\/dishekimligi\/wp-json\/wp\/v2\/pages"}],"about":[{"href":"https:\/\/kocaelisaglik.edu.tr\/dishekimligi\/wp-json\/wp\/v2\/types\/page"}],"author":[{"embeddable":true,"href":"https:\/\/kocaelisaglik.edu.tr\/dishekimligi\/wp-json\/wp\/v2\/users\/12"}],"replies":[{"embeddable":true,"href":"https:\/\/kocaelisaglik.edu.tr\/dishekimligi\/wp-json\/wp\/v2\/comments?post=8536"}],"version-history":[{"count":5,"href":"https:\/\/kocaelisaglik.edu.tr\/dishekimligi\/wp-json\/wp\/v2\/pages\/8536\/revisions"}],"predecessor-version":[{"id":8541,"href":"https:\/\/kocaelisaglik.edu.tr\/dishekimligi\/wp-json\/wp\/v2\/pages\/8536\/revisions\/8541"}],"wp:attachment":[{"href":"https:\/\/kocaelisaglik.edu.tr\/dishekimligi\/wp-json\/wp\/v2\/media?parent=8536"}],"curies":[{"name":"wp","href":"https:\/\/api.w.org\/{rel}","templated":true}]}}