{"id":6904,"date":"2020-12-06T23:40:52","date_gmt":"2020-12-06T20:40:52","guid":{"rendered":"https:\/\/kocaelisaglik.edu.tr\/dishekimligi\/?page_id=6904"},"modified":"2024-08-26T15:43:35","modified_gmt":"2024-08-26T12:43:35","slug":"fakulte-tanitimi","status":"publish","type":"page","link":"https:\/\/kocaelisaglik.edu.tr\/dishekimligi\/fakulte-tanitimi\/","title":{"rendered":"Fak\u00fclte Tan\u0131t\u0131m\u0131"},"content":{"rendered":"<div class=\"wpb-content-wrapper\"><p>[vc_row][vc_column width=&#8221;1\/2&#8243;][vc_gallery interval=&#8221;3&#8243; images=&#8221;8569,8582,8567,8571,8572,8546,8566,8194,8570,8573,8574,8576,8543,7739,8575,7738&#8243; img_size=&#8221;800&#215;533&#8243; onclick=&#8221;&#8221;][\/vc_column][vc_column width=&#8221;1\/2&#8243;][vc_column_text]<strong>Di\u015f Hekimli\u011fi Fak\u00fcltesi<\/strong><\/p>\n<p>Mesleki bilgi ve teknolojileri, geli\u015fmeleri ve de\u011fi\u015fimleri izleyebilecek, uygulayabilecek hatta katk\u0131da bulunabilecek, yaln\u0131z tedavi edici de\u011fil ayn\u0131 zamanda koruyucu a\u011f\u0131z ve di\u015f sa\u011fl\u0131\u011f\u0131 hizmetlerini geli\u015ftirecek ve s\u00fcrd\u00fcrebilecek, bunlar\u0131 yaparken de meslek eti\u011fi ve ilkelerini g\u00f6z \u00f6n\u00fcnde tutarak, kan\u0131ta ara\u015ft\u0131rmaya dayal\u0131 sonu\u00e7lar\u0131 de\u011ferlendirebilecek hekimler yeti\u015ftirmek fak\u00fcltemizin hedefidir. \u00d6\u011frencilerimizi \u00e7ok iyi birer di\u015f hekimi olarak yeti\u015ftirmenin yan\u0131 s\u0131ra, kararlar\u0131n\u0131 \u00f6zg\u00fcrce veren ileti\u015fim ve liderlik \u00f6zellikleri ile donanm\u0131\u015f bireyler olmalar\u0131na da katk\u0131da bulunmaya kararl\u0131y\u0131z.<\/p>\n<p>Di\u015f hekimli\u011fi fak\u00fcltemizin hedefi k\u0131sa zamanda sizlerle birlikte di\u011fer di\u015f hekimli\u011fi fak\u00fclteleri i\u00e7inde ilk s\u0131ralara yerle\u015fmektir. Ulusal ve uluslararas\u0131 alanda yetkin ve yeterli di\u015f hekimli\u011fi e\u011fitimi verebilecek bir fak\u00fclteye davetlisiniz.<\/p>\n<p>Di\u015f Hekimli\u011fi Fak\u00fcltesinin e\u011fitim s\u00fcresi 5 y\u0131ld\u0131r ve e\u011fitim dili T\u00fcrk\u00e7e&#8217;dir.<\/p>\n<p><b>\u00c7al\u0131\u015fma alanlar\u0131:<\/b>\u00a0Di\u015f hekimleri hastanelerde, dispanserlerde veya \u00f6zel muayenehanelerde g\u00f6rev yaparlar.[\/vc_column_text][\/vc_column][\/vc_row][vc_row][vc_column][vc_empty_space height=&#8221;64px&#8221;][\/vc_column][\/vc_row][vc_row][vc_column width=&#8221;1\/2&#8243;][vc_video link=&#8221;https:\/\/www.youtube.com\/watch?v=HPVBt8I23Qs&#8221; el_width=&#8221;60&#8243; align=&#8221;center&#8221;][\/vc_column][vc_column width=&#8221;1\/2&#8243;][vc_video link=&#8221;https:\/\/www.youtube.com\/watch?v=Q6tE7wyURFg&#8221; el_width=&#8221;60&#8243; align=&#8221;center&#8221;][\/vc_column][\/vc_row][vc_row][vc_column][vc_empty_space][\/vc_column][\/vc_row][vc_row][vc_column width=&#8221;1\/2&#8243;][vc_video link=&#8221;https:\/\/www.youtube.com\/watch?v=96ggfuYc4so&#8221; el_width=&#8221;60&#8243; align=&#8221;center&#8221;][\/vc_column][vc_column width=&#8221;1\/2&#8243;][vc_video link=&#8221;https:\/\/www.youtube.com\/watch?v=E8vbys14UIs&#8221; el_width=&#8221;60&#8243; align=&#8221;center&#8221;][\/vc_column][\/vc_row]<\/p>\n<\/div>","protected":false},"excerpt":{"rendered":"<p>[vc_row][vc_column width=&#8221;1\/2&#8243;][vc_gallery interval=&#8221;3&#8243; images=&#8221;8569,8582,8567,8571,8572,8546,8566,8194,8570,8573,8574,8576,8543,7739,8575,7738&#8243; img_size=&#8221;800&#215;533&#8243; onclick=&#8221;&#8221;][\/vc_column][vc_column width=&#8221;1\/2&#8243;][vc_column_text]Di\u015f Hekimli\u011fi Fak\u00fcltesi Mesleki bilgi ve teknolojileri, geli\u015fmeleri ve de\u011fi\u015fimleri izleyebilecek, uygulayabilecek hatta katk\u0131da bulunabilecek, yaln\u0131z tedavi edici de\u011fil ayn\u0131 zamanda koruyucu a\u011f\u0131z ve di\u015f sa\u011fl\u0131\u011f\u0131 hizmetlerini geli\u015ftirecek ve s\u00fcrd\u00fcrebilecek, bunlar\u0131 yaparken de meslek &hellip; <\/p>\n","protected":false},"author":11,"featured_media":0,"parent":0,"menu_order":0,"comment_status":"closed","ping_status":"closed","template":"","meta":{"footnotes":""},"_links":{"self":[{"href":"https:\/\/kocaelisaglik.edu.tr\/dishekimligi\/wp-json\/wp\/v2\/pages\/6904"}],"collection":[{"href":"https:\/\/kocaelisaglik.edu.tr\/dishekimligi\/wp-json\/wp\/v2\/pages"}],"about":[{"href":"https:\/\/kocaelisaglik.edu.tr\/dishekimligi\/wp-json\/wp\/v2\/types\/page"}],"author":[{"embeddable":true,"href":"https:\/\/kocaelisaglik.edu.tr\/dishekimligi\/wp-json\/wp\/v2\/users\/11"}],"replies":[{"embeddable":true,"href":"https:\/\/kocaelisaglik.edu.tr\/dishekimligi\/wp-json\/wp\/v2\/comments?post=6904"}],"version-history":[{"count":26,"href":"https:\/\/kocaelisaglik.edu.tr\/dishekimligi\/wp-json\/wp\/v2\/pages\/6904\/revisions"}],"predecessor-version":[{"id":8891,"href":"https:\/\/kocaelisaglik.edu.tr\/dishekimligi\/wp-json\/wp\/v2\/pages\/6904\/revisions\/8891"}],"wp:attachment":[{"href":"https:\/\/kocaelisaglik.edu.tr\/dishekimligi\/wp-json\/wp\/v2\/media?parent=6904"}],"curies":[{"name":"wp","href":"https:\/\/api.w.org\/{rel}","templated":true}]}}